{"id":5228,"date":"2019-04-18T04:05:59","date_gmt":"2019-04-18T04:05:59","guid":{"rendered":"http:\/\/stepout.ro\/?page_id=5228"},"modified":"2025-01-05T14:24:36","modified_gmt":"2025-01-05T12:24:36","slug":"modalitati-de-plata","status":"publish","type":"page","link":"https:\/\/www.storycraft.ro\/shop\/modalitati-de-plata\/","title":{"rendered":"Modalitati de Plata"},"content":{"rendered":"<div class=\"wpb-content-wrapper\"><p>[vc_row][vc_column][vc_column_text css=&#8221;&#8221;]<strong>Pentru a achita produsele comandate pe Storycraft Shop ai la dispozitie mai multe optiuni:<\/strong><\/p>\n<p>&#8211; Plata ramburs (pentru produse fizice, care se expediaza catre tine, platesti curierului sau la oficiul postal)<\/p>\n<p>&#8211; Plata cu Card bancar VISA sau Mastercard prin partenerul nostru\u00a0PlatiOnline.ro<\/p>\n<p>&#8211; Ordin de plata (adica transfer bancar direct in contul firmei)[\/vc_column_text][vc_column_text css=&#8221;&#8221;]<\/p>\n<h4>Plata ramburs<\/h4>\n<p>Plata se face in lei, integral, la livrare, la ghiseul oficiului postal, sau curierului cand te viziteaza pentru a-ti preda coletul.<br \/>\n[\/vc_column_text][vc_column_text css=&#8221;&#8221;]<\/p>\n<h4>Plata online cu cardul<\/h4>\n<p>Se poate efectua plata online cu cardul personal sau al firmei dumneavoastr\u0103, \u00een condi\u021bii de siguran\u021b\u0103 deplin\u0103. Cardurile acceptate la plat\u0103 sunt cele emise sub siglele VISA (Classic \u0219i Electron) \u0219i MASTERCARD (inclusiv Maestro, dac\u0103 au cod CVV2\/CVC2).<\/p>\n<p>Nu este perceput niciun comision suplimentar pentru tranzac\u021bii.<\/p>\n<p>Procesarea datelor de card se face \u00een mod exclusiv pe serverele PlatiOnline.<\/p>\n<p>Siguran\u021ba informa\u021biilor dvs. este garantat\u0103 de faptul c\u0103 PlatiOnline nu stocheaz\u0103 datele confiden\u021biale ale cardului dvs, ci le trimite criptat pe o conexiune securizat\u0103 c\u0103tre banca procesatoare. \u00cen acest fel informa\u021biile dvs. sunt \u00een sigurant\u0103.<\/p>\n<p>Indiferent de valuta pe care o ave\u021bi \u00een cont, tranzac\u021biile se fac \u00een lei, la cursul de schimb al b\u0103ncii dumneavoastr\u0103.<\/p>\n<p>Pentru plata cu cardul, tranzactia va aparea pe extrasul de cont cu numele STEPOUT MARKET.[\/vc_column_text][vc_column_text css=&#8221;&#8221;]<\/p>\n<h4>Transfer bancar<\/h4>\n<p>Plata prin Transfer bancar se face doar \u00een baza facturii proforme emise de Storycraft.ro. Mai departe ai detalii complete pentru a face acest tip de plat\u0103, la banc\u0103, la nivel na\u021bional sau interna\u021bional:<\/p>\n<p><strong>Beneficiar:\u00a0STEPOUT MARKET SRL (CUI\u00a035532655)<\/strong><\/p>\n<hr \/>\n<div><strong>&gt; prin ING Bank<\/strong><\/div>\n<div><strong>Cont RON:<\/strong>\u00a0RO21INGB0000999905635845<\/div>\n<div><strong>Cont EUR:<\/strong>\u00a0RO85INGB0000999905654675<\/div>\n<div><strong>Banca: <\/strong>ING Bank NV Amsterdam, sucursala Bucure\u0219ti<\/div>\n<div><strong>Cod Swift:<\/strong>\u00a0INGBROBU<\/div>\n<div><strong>Adresa b\u0103ncii:<\/strong>\u00a0Bd. Iancu de Hunedoara nr. 48, Sector 1, 011745 Bucuresti<\/div>\n<div><strong>Nr. telefon:<\/strong>\u00a0+4\u00a0021 402 83 91<\/div>\n<p>Pentru detalii suplimentare legate de pl\u0103\u021bi \u00een contul nostru ING Bank, acceseaz\u0103 aceast\u0103 adres\u0103:<\/p>\n<p><a href=\"https:\/\/www.ing.ro\/ingb\/persoane-fizice\/info\/faq\/ca20.html?cat=cardur\"><strong>https:\/\/www.ing.ro\/ingb\/persoane-fizice\/info\/faq\/ca20.html?cat=cardur<\/strong><\/a><\/p>\n<hr \/>\n<p>[\/vc_column_text][vc_column_text css=&#8221;&#8221;]Te rug\u0103m s\u0103 men\u021bionezi la observa\u021bii de plat\u0103 num\u0103rul comenzii tale pe site sau numele clientului pentru care se face plata, dac\u0103 difer\u0103 de numele t\u0103u pe care \u00eel primim de la banc\u0103.<\/p>\n<p>Livrarea marfii se face dupa confirmarea platii proformei emise, in unul din conturile din factura proforma.[\/vc_column_text][\/vc_column][\/vc_row]<\/p>\n<\/div>","protected":false},"excerpt":{"rendered":"<p>[vc_row][vc_column][vc_column_text css=&#8221;&#8221;]Pentru a achita produsele comandate pe Storycraft Shop ai la dispozitie mai multe optiuni: &#8211; Plata ramburs (pentru produse fizice, care se expediaza catre tine, platesti curierului sau la<\/p>\n","protected":false},"author":1,"featured_media":0,"parent":0,"menu_order":0,"comment_status":"closed","ping_status":"closed","template":"","meta":{"_acf_changed":false,"footnotes":""},"class_list":["post-5228","page","type-page","status-publish","hentry"],"acf":[],"aioseo_notices":[],"_links":{"self":[{"href":"https:\/\/www.storycraft.ro\/shop\/wp-json\/wp\/v2\/pages\/5228","targetHints":{"allow":["GET"]}}],"collection":[{"href":"https:\/\/www.storycraft.ro\/shop\/wp-json\/wp\/v2\/pages"}],"about":[{"href":"https:\/\/www.storycraft.ro\/shop\/wp-json\/wp\/v2\/types\/page"}],"author":[{"embeddable":true,"href":"https:\/\/www.storycraft.ro\/shop\/wp-json\/wp\/v2\/users\/1"}],"replies":[{"embeddable":true,"href":"https:\/\/www.storycraft.ro\/shop\/wp-json\/wp\/v2\/comments?post=5228"}],"version-history":[{"count":5,"href":"https:\/\/www.storycraft.ro\/shop\/wp-json\/wp\/v2\/pages\/5228\/revisions"}],"predecessor-version":[{"id":9145,"href":"https:\/\/www.storycraft.ro\/shop\/wp-json\/wp\/v2\/pages\/5228\/revisions\/9145"}],"wp:attachment":[{"href":"https:\/\/www.storycraft.ro\/shop\/wp-json\/wp\/v2\/media?parent=5228"}],"curies":[{"name":"wp","href":"https:\/\/api.w.org\/{rel}","templated":true}]}}