{"id":11518,"date":"2022-12-13T20:35:09","date_gmt":"2022-12-13T18:35:09","guid":{"rendered":"https:\/\/www.storycraft.ro\/shop\/?post_type=product&#038;p=11518"},"modified":"2026-04-08T10:37:32","modified_gmt":"2026-04-08T07:37:32","slug":"compozitie-pentru-lorena","status":"publish","type":"product","link":"https:\/\/www.storycraft.ro\/shop\/compozitie-pentru-lorena\/","title":{"rendered":"Compozi\u021bie pentru Lorena"},"content":{"rendered":"<p><span style=\"color: #000000;\"><strong>Lorena \u0219i-a ales singur\u0103 destinul.<\/strong> Cu o facultate terminat\u0103 \u0219i un masterat luat cu nota 10, credea c\u0103 o a\u0219teapt\u0103 o carier\u0103 \u00eenfloritoare. Afl\u0103 \u00eens\u0103 rapid c\u0103, pentru a ob\u021bine un job potrivit, e necesar s\u0103-\u0219i uzeze mai pu\u021bin creierul, \u0219i mai mult genunchii, \u0219i trage concluzia c\u0103 cea mai bun\u0103 strategie profesional\u0103 este s\u0103 ofere oamenilor ce vor. A\u0219a c\u0103 devine prostituat\u0103 pe centur\u0103, sub patronajul \u0219i protec\u021bia comisarului Jean Chirtoac\u0103.<\/span><\/p>\n<p><span style=\"color: #000000;\"><strong>Via\u021ba \u0219i rutina ei zilnic\u0103 se schimb\u0103 c\u00e2nd \u00eel \u00eent\u00e2lne\u0219te pe Relu<\/strong>, un t\u00e2n\u0103r student la conservator, la \u201earma\u201d violoncel. Lungan, timid \u0219i ve\u0219nic ciufulit, Relu pare a fi ie\u0219irea ei c\u0103tre o alt\u0103 lume, departe de mizeria centurii. \u00cens\u0103, speriat de posibilitatea de a o pierde pe frumoasa Lorena, comisarul Chirtoac\u0103 se transform\u0103 rapid din protector \u00een satrap. Ceea ce Lorena credea c\u0103 va fi o trecere fireasc\u0103 la urm\u0103toarea etap\u0103 a vie\u021bii ei se dovede\u0219te a fi o lupt\u0103 cr\u00e2ncen\u0103 pentru libertate.<\/span><\/p>\n","protected":false},"excerpt":{"rendered":"<div class=\"et_pb_module et_pb_text et_pb_text_22 et_pb_text_align_left et_pb_bg_layout_light\">\n<div class=\"et_pb_text_inner\">\n<ul>\n<li><span style=\"color: #000000;\"><strong>Genul:<\/strong> Comedie, Romantic<\/span><\/li>\n<li><span style=\"color: #000000;\"><strong>Editura:<\/strong>\u00a0StoryCraft Publishing<\/span><\/li>\n<li><span style=\"color: #000000;\"><strong>Cod ISBN:<\/strong> <small>978-606-95057-7-9<\/small><\/span><\/li>\n<li><span style=\"color: #000000;\"><strong>Format:<\/strong> 19,5 * 12,5 cm<\/span><\/li>\n<li><span style=\"color: #000000;\"><strong>Coperta:<\/strong>\u00a0bro\u0219at\u0103<\/span><\/li>\n<li><span style=\"color: #000000;\"><strong>Nr. pagini la interior:<\/strong> 370<\/span><\/li>\n<\/ul>\n<p>&nbsp;<\/p>\n<\/div>\n<\/div>\n","protected":false},"featured_media":27232,"template":"","meta":{"_acf_changed":false},"product_brand":[],"product_cat":[276,269],"product_tag":[312],"class_list":{"0":"post-11518","1":"product","2":"type-product","3":"status-publish","4":"has-post-thumbnail","6":"product_cat-comedie","7":"product_cat-dragoste","8":"product_tag-produse-individuale","9":"pa_autori-oneil-herego","11":"first","12":"instock","13":"sale","14":"taxable","15":"shipping-taxable","16":"purchasable","17":"product-type-simple"},"acf":[],"aioseo_notices":[],"_links":{"self":[{"href":"https:\/\/www.storycraft.ro\/shop\/wp-json\/wp\/v2\/product\/11518","targetHints":{"allow":["GET"]}}],"collection":[{"href":"https:\/\/www.storycraft.ro\/shop\/wp-json\/wp\/v2\/product"}],"about":[{"href":"https:\/\/www.storycraft.ro\/shop\/wp-json\/wp\/v2\/types\/product"}],"wp:featuredmedia":[{"embeddable":true,"href":"https:\/\/www.storycraft.ro\/shop\/wp-json\/wp\/v2\/media\/27232"}],"wp:attachment":[{"href":"https:\/\/www.storycraft.ro\/shop\/wp-json\/wp\/v2\/media?parent=11518"}],"wp:term":[{"taxonomy":"product_brand","embeddable":true,"href":"https:\/\/www.storycraft.ro\/shop\/wp-json\/wp\/v2\/product_brand?post=11518"},{"taxonomy":"product_cat","embeddable":true,"href":"https:\/\/www.storycraft.ro\/shop\/wp-json\/wp\/v2\/product_cat?post=11518"},{"taxonomy":"product_tag","embeddable":true,"href":"https:\/\/www.storycraft.ro\/shop\/wp-json\/wp\/v2\/product_tag?post=11518"}],"curies":[{"name":"wp","href":"https:\/\/api.w.org\/{rel}","templated":true}]}}