{"id":12314,"date":"2023-02-06T11:56:53","date_gmt":"2023-02-06T09:56:53","guid":{"rendered":"https:\/\/www.storycraft.ro\/shop\/?post_type=product&#038;p=12314"},"modified":"2026-05-06T11:05:07","modified_gmt":"2026-05-06T08:05:07","slug":"compozitie-pentru-lorena-atingeri-de-vanilie-batalia-de-la-socola","status":"publish","type":"product","link":"https:\/\/www.storycraft.ro\/shop\/compozitie-pentru-lorena-atingeri-de-vanilie-batalia-de-la-socola\/","title":{"rendered":"Compozi\u021bie pentru Lorena + Atingeri de vanilie + B\u0103t\u0103lia de la Socola"},"content":{"rendered":"<p><span style=\"color: #000000;\">Pachetul <strong>\u201cCompozi\u021bie pentru Lorena + Atingeri de Vanilie + B\u0103t\u0103lia de la Socola\u201d<\/strong> con\u021bine:<\/span><\/p>\n<ol>\n<li><span style=\"color: #000000;\">Cartea \u201cCompozi\u021bie pentru Lorena\u201d de O\u2019Neil Herego<\/span><\/li>\n<li><span style=\"color: #000000;\">Cartea \u201cAtingeri de vanilie\u201d de Daniela Dumitru<\/span><\/li>\n<li><span style=\"color: #000000;\">Cartea \u201cB\u0103t\u0103lia de la Socola\u201d de C\u0103t\u0103lin Ioni\u021b\u0103<\/span><\/li>\n<\/ol>\n<hr \/>\n<p><span style=\"color: #000000;\"><strong>\u201cCompozi\u021bie pentru Lorena\u201d<\/strong> de O\u2019Neil Herego<\/span><\/p>\n<ul>\n<li><span style=\"color: #000000;\"><strong>Genul:<\/strong> Comedie, Romantic<\/span><\/li>\n<li><span style=\"color: #000000;\"><strong>Editura:<\/strong>\u00a0StoryCraft Publishing<\/span><\/li>\n<li><span style=\"color: #000000;\"><strong>Cod ISBN:<\/strong> <small>978-606-95057-7-9<\/small><\/span><\/li>\n<li><span style=\"color: #000000;\"><strong>Format:<\/strong> 19,5 * 12,5 cm<\/span><\/li>\n<li><span style=\"color: #000000;\"><strong>Coperta:<\/strong>\u00a0bro\u0219at\u0103<\/span><\/li>\n<li><span style=\"color: #000000;\"><strong>Nr. pagini la interior:<\/strong>\u00a0 370<\/span><\/li>\n<\/ul>\n<div class=\"woocommerce-product-details__short-description\">\n<div class=\"et_pb_module et_pb_text et_pb_text_22 et_pb_text_align_left et_pb_bg_layout_light\">\n<div class=\"et_pb_text_inner\">\n<div class=\"et_pb_column et_pb_column_1_2 et_pb_column_28 et_pb_css_mix_blend_mode_passthrough\">\n<p><span style=\"color: #000000;\">Lorena \u0219i-a ales singur\u0103 destinul. Cu o facultate terminat\u0103 \u0219i un masterat luat cu nota 10, credea c\u0103 o a\u0219teapt\u0103 o carier\u0103 \u00eenfloritoare. Afl\u0103 \u00eens\u0103 rapid c\u0103, pentru a ob\u021bine un job potrivit, e necesar s\u0103-\u0219i uzeze mai pu\u021bin creierul, \u0219i mai mult genunchii, \u0219i trage concluzia c\u0103 cea mai bun\u0103 strategie profesional\u0103 este s\u0103 ofere oamenilor ce vor. A\u0219a c\u0103 devine prostituat\u0103 pe centur\u0103, sub patronajul \u0219i protec\u021bia comisarului Jean Chirtoac\u0103.<\/span><\/p>\n<p><span style=\"color: #000000;\">Via\u021ba \u0219i rutina ei zilnic\u0103 se schimb\u0103 c\u00e2nd \u00eel \u00eent\u00e2lne\u0219te pe Relu, un t\u00e2n\u0103r student la conservator, la \u201earma\u201d violoncel. Lungan, timid \u0219i ve\u0219nic ciufulit, Relu pare a fi ie\u0219irea ei c\u0103tre o alt\u0103 lume, departe de mizeria centurii. \u00cens\u0103, speriat de posibilitatea de a o pierde pe frumoasa Lorena, comisarul Chirtoac\u0103 se transform\u0103 rapid din protector \u00een satrap. Ceea ce Lorena credea c\u0103 va fi o trecere fireasc\u0103 la urm\u0103toarea etap\u0103 a vie\u021bii ei se dovede\u0219te a fi o lupt\u0103 cr\u00e2ncen\u0103 pentru libertate.<\/span><\/p>\n<\/div>\n<\/div>\n<\/div>\n<\/div>\n<hr \/>\n<p><span style=\"color: #000000;\"><strong>Cartea &#8220;Atingeri de Vanilie&#8221;<\/strong><\/span><\/p>\n<ul>\n<li><span style=\"color: #000000;\"><strong>Genul:<\/strong> Romance, Erotic<\/span><\/li>\n<li><span style=\"color: #000000;\"><strong>Editura:<\/strong> StoryCraft Publishing<\/span><\/li>\n<li><span style=\"color: #000000;\"><strong>Cod ISBN:<\/strong> 978-606-95057-5-5<\/span><\/li>\n<li><span style=\"color: #000000;\"><strong>Format:<\/strong> 20 * 13 cm<\/span><\/li>\n<li><span style=\"color: #000000;\"><strong>Coperta:<\/strong> bro\u0219at\u0103<\/span><\/li>\n<li><span style=\"color: #000000;\"><strong>Nr. pagini la interior:<\/strong> 432<\/span><\/li>\n<\/ul>\n<p><span style=\"color: #000000;\">Chinuit\u0103 de un trecut traumatizant \u0219i o rela\u021bie toxic\u0103 cu mama ei, rebela \u0219i ireverentioasa Ela \u0219i-a g\u0103sit lini\u0219tea \u0219i stabilitatea \u00eentr-un job \u201ec\u0103ldu\u021b\u201d de corporatist\u0103. Noul CEO, Max, stric\u0103 totul c\u00e2nd schimb\u0103 regulile \u0219i o aduce s\u0103 lucreze aproape de el.<\/span><\/p>\n<p><span style=\"color: #000000;\">Pornind de la un joc de atrac\u021bie aparent nevinovat, cei doi se trezesc prin\u0219i \u00eentr-o poveste de iubire visceral\u0103, pasional\u0103 \u0219i epuizant\u0103, \u00een care fiecare reprezint\u0103 pentru cel\u0103lalt eliberarea de propriul trecut \u0219i de traume.<\/span><\/p>\n<p><span style=\"color: #000000;\">Sco\u021b\u00e2nd la iveal\u0103 frica de prejudec\u0103\u021bi \u0219i nevoia dureroas\u0103 de a fi iubi\u021bi,\u00a0<em>Atingeri de vanilie<\/em>, spune povestea a doi \u00eendr\u0103gosti\u021bi care nu au dreptul la fericire \u00eempreun\u0103 \u0219i ne las\u0103 cu o \u00eentrebare: \u201eC\u00e2te bariere poate sparge un simplu sentiment?<\/span><\/p>\n<hr \/>\n<p><span style=\"color: #000000;\"><strong>&#8220;B\u0103t\u0103lia de la Socola\u201d <\/strong>de C\u0103t\u0103lin Ioni\u021b\u0103<\/span><\/p>\n<ul>\n<li><span style=\"color: #000000;\"><b>Genul:<\/b> Comedie<\/span><\/li>\n<li><span style=\"color: #000000;\"><b>Editura:<\/b> StoryCraft Publishing<\/span><\/li>\n<li><span style=\"color: #000000;\"><b>Cod ISBN:<\/b> 978-606-9505-71-7<\/span><\/li>\n<li><span style=\"color: #000000;\"><strong>Format:<\/strong> 20 * 19 cm<\/span><\/li>\n<li><span style=\"color: #000000;\"><b>Coperta:<\/b> bro\u0219at\u0103<\/span><\/li>\n<li><span style=\"color: #000000;\"><strong>Nr. pagini la interior:<\/strong> 256<\/span><\/li>\n<\/ul>\n<div class=\"woocommerce-product-details__short-description\">\n<p><span style=\"color: #000000;\">Un nebun internat la Spitalul Socola se crede \u0218tefan cel Mare \u0219i crede c\u0103 misiunea lui este s\u0103 recucereasc\u0103 Moldova din m\u00e2inile turcilor, \u00eencep\u00e2nd cu spitalul.<\/span><br \/>\n<span style=\"color: #000000;\">Pentru asta va trebui s\u0103 \u00ee\u0219i dezv\u0103luie identitatea \u00een fa\u021ba celorlal\u021bi nebuni \u0219i s\u0103 \u00eei conving\u0103 de faptul c\u0103 ei sunt r\u0103ze\u0219ii lui.<\/span><\/p>\n<p><span style=\"color: #000000;\">Singura problem\u0103 este c\u0103 celebra lui sabie, cea care \u00eei atest\u0103 identitatea, este ag\u0103\u021bat\u0103 pe peretele din spatele directorului Spineanu. Abia dup\u0103 ce va pune m\u00e2na pe ea, va putea s\u0103 lupte \u00eempotriva inamicilor \u00eembr\u0103ca\u021bi \u00een halate albe.<\/span><\/p>\n<\/div>\n","protected":false},"excerpt":{"rendered":"<div class=\"woocommerce-product-details__short-description\">\n<p>Pachetul <strong>\u201cCompozi\u021bie pentru Lorena + Atingeri de Vanilie + Liceul 13\u201d<\/strong> con\u021bine:<\/p>\n<ol>\n<li>Cartea \u201cCompozi\u021bie pentru Lorena\u201d de O\u2019Neil Herego<\/li>\n<li>Cartea \u201cAtingeri de vanilie\u201d de Daniela Dumitru<\/li>\n<li>Cartea \u201cLiceul 13\u201d de Radu Octavian<\/li>\n<\/ol>\n<\/div>\n","protected":false},"featured_media":20887,"template":"","meta":{"_acf_changed":false},"product_brand":[],"product_cat":[261],"product_tag":[311],"class_list":{"0":"post-12314","1":"product","2":"type-product","3":"status-publish","4":"has-post-thumbnail","6":"product_cat-pachete","7":"product_tag-pachete","8":"pa_autori-catalin-ionita","9":"pa_autori-daniela-dumitru","10":"pa_autori-oneil-herego","12":"first","13":"instock","14":"sale","15":"taxable","16":"shipping-taxable","17":"purchasable","18":"product-type-simple"},"acf":[],"aioseo_notices":[],"_links":{"self":[{"href":"https:\/\/www.storycraft.ro\/shop\/wp-json\/wp\/v2\/product\/12314","targetHints":{"allow":["GET"]}}],"collection":[{"href":"https:\/\/www.storycraft.ro\/shop\/wp-json\/wp\/v2\/product"}],"about":[{"href":"https:\/\/www.storycraft.ro\/shop\/wp-json\/wp\/v2\/types\/product"}],"wp:featuredmedia":[{"embeddable":true,"href":"https:\/\/www.storycraft.ro\/shop\/wp-json\/wp\/v2\/media\/20887"}],"wp:attachment":[{"href":"https:\/\/www.storycraft.ro\/shop\/wp-json\/wp\/v2\/media?parent=12314"}],"wp:term":[{"taxonomy":"product_brand","embeddable":true,"href":"https:\/\/www.storycraft.ro\/shop\/wp-json\/wp\/v2\/product_brand?post=12314"},{"taxonomy":"product_cat","embeddable":true,"href":"https:\/\/www.storycraft.ro\/shop\/wp-json\/wp\/v2\/product_cat?post=12314"},{"taxonomy":"product_tag","embeddable":true,"href":"https:\/\/www.storycraft.ro\/shop\/wp-json\/wp\/v2\/product_tag?post=12314"}],"curies":[{"name":"wp","href":"https:\/\/api.w.org\/{rel}","templated":true}]}}