{"id":12315,"date":"2023-02-06T12:01:38","date_gmt":"2023-02-06T10:01:38","guid":{"rendered":"https:\/\/www.storycraft.ro\/shop\/?post_type=product&#038;p=12315"},"modified":"2026-04-01T10:49:20","modified_gmt":"2026-04-01T07:49:20","slug":"compozitie-pentru-lorena-inutilii-asasinul-siberian-pretul-sangelui","status":"publish","type":"product","link":"https:\/\/www.storycraft.ro\/shop\/compozitie-pentru-lorena-inutilii-asasinul-siberian-pretul-sangelui\/","title":{"rendered":"Compozi\u021bie pentru Lorena + Inutilii + Asasinul Siberian + Pre\u021bul S\u00e2ngelui"},"content":{"rendered":"<p><span style=\"color: #000000;\">Pachetul <strong>\u201cCompozi\u021bie pentru Lorena + Inutilii + Asasinul Siberian + Pre\u021bul S\u00e2ngelui\u201d<\/strong> con\u021bine:<\/span><\/p>\n<ol>\n<li><span style=\"color: #000000;\">Cartea \u201cCompozi\u021bie pentru Lorena\u201d de O\u2019Neil Herego<\/span><\/li>\n<li><span style=\"color: #000000;\">Cartea \u201cInutilii\u201d de Cornelia Voiculescu<\/span><\/li>\n<li><span style=\"color: #000000;\">Cartea \u201cAsasinul Siberian\u201d de C\u0103t\u0103lin Ioni\u021b\u0103<\/span><\/li>\n<li><span style=\"color: #000000;\">Cartea \u201cPre\u021bul S\u00e2ngelui\u201d de C\u0103t\u0103lin Ioni\u021b\u0103<\/span><\/li>\n<\/ol>\n<hr \/>\n<p><span style=\"color: #000000;\"><strong>\u201cCompozi\u021bie pentru Lorena\u201d<\/strong> de O\u2019Neil Herego<\/span><\/p>\n<ul>\n<li><span style=\"color: #000000;\"><strong>Genul:<\/strong> Comedie, Romantic<\/span><\/li>\n<li><span style=\"color: #000000;\"><strong>Editura:<\/strong>\u00a0StoryCraft Publishing<\/span><\/li>\n<li><span style=\"color: #000000;\"><strong>Cod ISBN:<\/strong> <small>978-606-95057-7-9<\/small><\/span><\/li>\n<li><span style=\"color: #000000;\"><strong>Format:<\/strong> 19,5 * 12,5 cm<\/span><\/li>\n<li><span style=\"color: #000000;\"><strong>Coperta:<\/strong>\u00a0bro\u0219at\u0103<\/span><\/li>\n<li><span style=\"color: #000000;\"><strong>Nr. pagini la interior:<\/strong>\u00a0 370<\/span><\/li>\n<\/ul>\n<div class=\"woocommerce-product-details__short-description\">\n<div class=\"et_pb_module et_pb_text et_pb_text_22 et_pb_text_align_left et_pb_bg_layout_light\">\n<div class=\"et_pb_text_inner\">\n<div class=\"et_pb_column et_pb_column_1_2 et_pb_column_28 et_pb_css_mix_blend_mode_passthrough\">\n<p><span style=\"color: #000000;\">Lorena \u0219i-a ales singur\u0103 destinul. Cu o facultate terminat\u0103 \u0219i un masterat luat cu nota 10, credea c\u0103 o a\u0219teapt\u0103 o carier\u0103 \u00eenfloritoare. Afl\u0103 \u00eens\u0103 rapid c\u0103, pentru a ob\u021bine un job potrivit, e necesar s\u0103-\u0219i uzeze mai pu\u021bin creierul, \u0219i mai mult genunchii, \u0219i trage concluzia c\u0103 cea mai bun\u0103 strategie profesional\u0103 este s\u0103 ofere oamenilor ce vor. A\u0219a c\u0103 devine prostituat\u0103 pe centur\u0103, sub patronajul \u0219i protec\u021bia comisarului Jean Chirtoac\u0103.<\/span><\/p>\n<p><span style=\"color: #000000;\">Via\u021ba \u0219i rutina ei zilnic\u0103 se schimb\u0103 c\u00e2nd \u00eel \u00eent\u00e2lne\u0219te pe Relu, un t\u00e2n\u0103r student la conservator, la \u201earma\u201d violoncel. Lungan, timid \u0219i ve\u0219nic ciufulit, Relu pare a fi ie\u0219irea ei c\u0103tre o alt\u0103 lume, departe de mizeria centurii. \u00cens\u0103, speriat de posibilitatea de a o pierde pe frumoasa Lorena, comisarul Chirtoac\u0103 se transform\u0103 rapid din protector \u00een satrap. Ceea ce Lorena credea c\u0103 va fi o trecere fireasc\u0103 la urm\u0103toarea etap\u0103 a vie\u021bii ei se dovede\u0219te a fi o lupt\u0103 cr\u00e2ncen\u0103 pentru libertate.<\/span><\/p>\n<\/div>\n<\/div>\n<\/div>\n<\/div>\n<hr \/>\n<p><span style=\"color: #000000;\"><strong>Cartea &#8220;Inutilii&#8221;<\/strong><\/span><\/p>\n<ul>\n<li><span style=\"color: #000000;\"><strong>Genul:<\/strong> Distopie<\/span><\/li>\n<li><span style=\"color: #000000;\"><strong>Editura:<\/strong> StoryCraft Publishing<\/span><\/li>\n<li><span style=\"color: #000000;\"><strong>Cod ISBN:<\/strong> 978-606-9505-72-4<\/span><\/li>\n<li><span style=\"color: #000000;\"><strong>Format:<\/strong> 20 * 13 cm<\/span><\/li>\n<li><span style=\"color: #000000;\"><strong>Coperta:<\/strong> bro\u0219at\u0103<\/span><\/li>\n<li><span style=\"color: #000000;\"><strong>Nr. pagini la interior:<\/strong> 320<\/span><\/li>\n<\/ul>\n<div class=\"woocommerce-product-details__short-description\">\n<p><span style=\"color: #000000;\">Inutilii, cartea de debut a Corneliei Voiculescu, este o distopie terifiant\u0103, prin implica\u021biile morale pe care le propune. \u00centr-o societate postapocaliptic\u0103 de dup\u0103 Al III-lea R\u0103zboi Mondial, care a distrus mare parte din planet\u0103, resursele sunt extrem de limitate. Din cauza asta, cei considera\u021bi \u201cinutili\u201d (b\u0103tr\u00e2nii de peste 70 de ani, persoanele cu handicap sau cu boli terminale) sunt sacrifica\u021bi de c\u0103tre adolescen\u021bi, \u00eentr-un \u201cRitual de Primenire\u201d prin care ace\u0219tia \u00ee\u0219i ob\u021bin statutul de adul\u021bi.<\/span><\/p>\n<p><span style=\"color: #000000;\">Bjorn Anderson, care abia a \u00eemplinit 16 ani, se afl\u0103 \u00een fa\u021ba celei mai grele \u00eencerc\u0103ri din via\u021ba lui: va trebui s\u0103 \u00ee\u0219i sacrifice bunicul, fa\u021b\u0103 de care are o leg\u0103tur\u0103 emo\u021bional\u0103 puternic\u0103, sub pretextul acestui ritual.<\/span><\/p>\n<\/div>\n<hr \/>\n<p><span style=\"color: #000000;\"><strong>&#8220;Asasinul siberian&#8221;<\/strong> de C\u0103t\u0103lin Ioni\u021b\u0103<\/span><\/p>\n<ul>\n<li><span style=\"color: #000000;\"><strong>Genul:<\/strong> Poli\u021bist<\/span><\/li>\n<li><span style=\"color: #000000;\"><strong>Editura:<\/strong>\u00a0StoryCraft Publishing<\/span><\/li>\n<li><span style=\"color: #000000;\"><strong>Cod ISBN:<\/strong> 978-606-95057-8-6<\/span><\/li>\n<li><span style=\"color: #000000;\"><strong>Format:<\/strong> 19,5 * 12,5 cm<\/span><\/li>\n<li><span style=\"color: #000000;\"><strong>Coperta:<\/strong>\u00a0bro\u0219at\u0103<\/span><\/li>\n<li><span style=\"color: #000000;\"><strong>Nr. pagini la interior:<\/strong> 320<\/span><\/li>\n<\/ul>\n<div class=\"woocommerce-product-details__short-description\">\n<div class=\"et_pb_module et_pb_text et_pb_text_22 et_pb_text_align_left et_pb_bg_layout_light\">\n<div class=\"et_pb_text_inner\">\n<div class=\"et_pb_column et_pb_column_1_2 et_pb_column_28 et_pb_css_mix_blend_mode_passthrough\">\n<div class=\"et_pb_module et_pb_text et_pb_text_56 et_pb_text_align_left et_pb_bg_layout_light\">\n<div class=\"et_pb_text_inner\">\n<div class=\"et_pb_text_inner\">\n<p><span style=\"color: #000000;\">Jack Wyler, un detectiv particular din ora\u0219ul Jacksonville a fost martor c\u00e2nd so\u021bia sa a fost \u00eempu\u0219cat\u0103 de un asasin periculos \u0219i de atunci a decis c\u0103 se va r\u0103zbuna.<\/span><\/p>\n<\/div>\n<\/div>\n<\/div>\n<div class=\"et_pb_module et_pb_text et_pb_text_58 et_pb_text_align_left et_pb_bg_layout_light\">\n<div class=\"et_pb_text_inner\">\n<p><span style=\"color: #000000;\">C\u00e2nd destinul \u00eei aduce din nou \u00een acela\u0219i loc, lupta devine inevitabil\u0103. Un aliat nea\u0219teptat \u0219i un prieten vechi sunt singurii care il pot ajuta.<\/span><\/p>\n<p><span style=\"color: #000000;\">Va fi oare suficient pentru a izb\u00e2ndi \u00een confruntarea cu cel al c\u0103rui renume umple de groaz\u0103 chiar \u0219i propria breasl\u0103? Va reu\u0219i Jack s\u0103 fac\u0103 alegerile corecte, care s\u0103-i aduc\u0103 lini\u0219tea sau va triumfa din nou r\u0103ul?<\/span><\/p>\n<\/div>\n<\/div>\n<\/div>\n<\/div>\n<\/div>\n<\/div>\n<hr \/>\n<p><span style=\"color: #000000;\"><strong>&#8220;Pre\u021bul S\u00e2ngelui&#8221; <\/strong>de C\u0103t\u0103lin Ioni\u021b\u0103<\/span><\/p>\n<ul>\n<li><span style=\"color: #000000;\"><b>Genul:<\/b> Poli\u021bist<\/span><\/li>\n<li><span style=\"color: #000000;\"><b>Editura:<\/b> StoryCraft Publishing<\/span><\/li>\n<li><span style=\"color: #000000;\"><b>Cod ISBN:<\/b> 978-606-9505-73-1<\/span><\/li>\n<li><span style=\"color: #000000;\"><strong>Format:<\/strong> 20 * 13 cm<\/span><\/li>\n<li><span style=\"color: #000000;\"><b>Coperta:<\/b>\u00a0bro\u0219at\u0103<\/span><\/li>\n<li><span style=\"color: #000000;\"><strong>Nr. pagini la interior:<\/strong> 304<\/span><\/li>\n<\/ul>\n<p><span style=\"color: #000000;\">Jack Wyler este un detectiv particular c\u0103zut \u00een patima b\u0103uturii, care nu a mai luat un caz de peste \u0219ase luni. C\u00e2nd afl\u0103 c\u0103 feti\u021ba lui nu mai are de tr\u0103it dec\u00e2t c\u00e2teva s\u0103pt\u0103m\u00e2ni f\u0103r\u0103 o opera\u021bie costisitoare, totul devine o curs\u0103 contra cronometru pentru a rezolva un caz de crim\u0103 care s\u0103-i aduc\u0103 banii pentru plata opera\u021biei.<\/span><\/p>\n","protected":false},"excerpt":{"rendered":"<div class=\"woocommerce-product-details__short-description\">\n<p>Pachetul <strong>\u201cCompozi\u021bie pentru Lorena + Atingeri de Vanilie + Liceul 13\u201d<\/strong> con\u021bine:<\/p>\n<ol>\n<li>Cartea \u201cCompozi\u021bie pentru Lorena\u201d de O\u2019Neil Herego<\/li>\n<li>Cartea \u201cAtingeri de vanilie\u201d de Daniela Dumitru<\/li>\n<li>Cartea \u201cLiceul 13\u201d de Radu Octavian<\/li>\n<\/ol>\n<\/div>\n","protected":false},"featured_media":20884,"template":"","meta":{"_acf_changed":false},"product_brand":[],"product_cat":[261],"product_tag":[311],"class_list":{"0":"post-12315","1":"product","2":"type-product","3":"status-publish","4":"has-post-thumbnail","6":"product_cat-pachete","7":"product_tag-pachete","8":"pa_autori-catalin-ionita","9":"pa_autori-cornelia-voiculescu","10":"pa_autori-oneil-herego","12":"first","13":"outofstock","14":"sale","15":"taxable","16":"shipping-taxable","17":"purchasable","18":"product-type-simple"},"acf":[],"aioseo_notices":[],"_links":{"self":[{"href":"https:\/\/www.storycraft.ro\/shop\/wp-json\/wp\/v2\/product\/12315","targetHints":{"allow":["GET"]}}],"collection":[{"href":"https:\/\/www.storycraft.ro\/shop\/wp-json\/wp\/v2\/product"}],"about":[{"href":"https:\/\/www.storycraft.ro\/shop\/wp-json\/wp\/v2\/types\/product"}],"wp:featuredmedia":[{"embeddable":true,"href":"https:\/\/www.storycraft.ro\/shop\/wp-json\/wp\/v2\/media\/20884"}],"wp:attachment":[{"href":"https:\/\/www.storycraft.ro\/shop\/wp-json\/wp\/v2\/media?parent=12315"}],"wp:term":[{"taxonomy":"product_brand","embeddable":true,"href":"https:\/\/www.storycraft.ro\/shop\/wp-json\/wp\/v2\/product_brand?post=12315"},{"taxonomy":"product_cat","embeddable":true,"href":"https:\/\/www.storycraft.ro\/shop\/wp-json\/wp\/v2\/product_cat?post=12315"},{"taxonomy":"product_tag","embeddable":true,"href":"https:\/\/www.storycraft.ro\/shop\/wp-json\/wp\/v2\/product_tag?post=12315"}],"curies":[{"name":"wp","href":"https:\/\/api.w.org\/{rel}","templated":true}]}}