{"id":13011,"date":"2023-04-03T12:24:30","date_gmt":"2023-04-03T09:24:30","guid":{"rendered":"https:\/\/www.storycraft.ro\/shop\/?post_type=product&#038;p=13011"},"modified":"2026-04-08T10:37:08","modified_gmt":"2026-04-08T07:37:08","slug":"pentru-elise","status":"publish","type":"product","link":"https:\/\/www.storycraft.ro\/shop\/pentru-elise\/","title":{"rendered":"Pentru Elise"},"content":{"rendered":"<p><span style=\"color: #000000;\"><strong>Elise Wallner este dansatoare i\u0302n corpul de balet al teatrului din Viena<\/strong>, i\u0302nsa\u0306 nici colegele sale, nici coregraful s\u0326i nici chiar Elise i\u0302nsa\u0306s\u0326i nu sunt mult\u0326umit\u0326i de prestant\u0326a ei. La\u0306sa\u0302nd deoparte originea s\u0326i cres\u0326terea ei nobila\u0306, Elise s-a refugiat i\u0302n brat\u0326ele lui Matthias, un poet pasional, cu care tra\u0306ies\u0326te o poveste de dragoste pe ca\u0302t de intensa\u0306, pe ata\u0302t de distruga\u0306toare. <\/span><\/p>\n<p><span style=\"color: #000000;\"><strong>Atunci ca\u0302nd, la o serata\u0306, compozitorul Beethoven o vede dansa\u0302nd<\/strong>, i\u0302i propune sa\u0306 fie prima balerina\u0306 i\u0302n baletul aniversar Creaturile lui Prometeu, spre surprinderea Elisei s\u0326i stupefact\u0326ia tuturor celor ce vedeau i\u0302n ea o balerina\u0306 cel mult mediocra\u0306. <\/span><\/p>\n<p><span style=\"color: #000000;\"><strong>Zb\u0103t\u00e2ndu-se ca s\u0103-\u0219i dep\u0103\u0219easc\u0103 pozi\u021bia de muz\u0103<\/strong>, at\u00e2t pentru Matthias, c\u00e2t \u0219i pentru Beethoven, Elise trebuie s\u0103 \u00eenve\u021be s\u0103 ucid\u0103 o parte din ea, ceea care o \u00eempiedic\u0103 s\u0103 devin\u0103 un artist des\u0103v\u00e2r\u0219it.<\/span><\/p>\n","protected":false},"excerpt":{"rendered":"<ul>\n<li><span style=\"color: #000000;\"><strong>Genul:<\/strong> Fic\u021biune istoric\u0103<\/span><\/li>\n<li><span style=\"color: #000000;\"><strong>Editura:<\/strong>\u00a0StoryCraft Publishing<\/span><\/li>\n<li><span style=\"color: #000000;\"><strong>Cod ISBN:<\/strong>\u00a0<small>978-606-95651-1-7<\/small><\/span><\/li>\n<li><span style=\"color: #000000;\"><strong>Format:<\/strong>\u00a019,5 * 12,5 cm<\/span><\/li>\n<li><span style=\"color: #000000;\"><strong>Coperta:<\/strong>\u00a0bro\u0219at\u0103<\/span><\/li>\n<li><span style=\"color: #000000;\"><strong>Nr. pagini la interior:<\/strong> 354<\/span><\/li>\n<\/ul>\n<p>&nbsp;<\/p>\n","protected":false},"featured_media":27219,"template":"","meta":{"_acf_changed":false},"product_brand":[],"product_cat":[263],"product_tag":[312],"class_list":{"0":"post-13011","1":"product","2":"type-product","3":"status-publish","4":"has-post-thumbnail","6":"product_cat-fictiune-istorica","7":"product_tag-produse-individuale","8":"pa_autori-teodora-smintanca-strugariu","10":"first","11":"instock","12":"sale","13":"taxable","14":"shipping-taxable","15":"purchasable","16":"product-type-simple"},"acf":[],"aioseo_notices":[],"_links":{"self":[{"href":"https:\/\/www.storycraft.ro\/shop\/wp-json\/wp\/v2\/product\/13011","targetHints":{"allow":["GET"]}}],"collection":[{"href":"https:\/\/www.storycraft.ro\/shop\/wp-json\/wp\/v2\/product"}],"about":[{"href":"https:\/\/www.storycraft.ro\/shop\/wp-json\/wp\/v2\/types\/product"}],"wp:featuredmedia":[{"embeddable":true,"href":"https:\/\/www.storycraft.ro\/shop\/wp-json\/wp\/v2\/media\/27219"}],"wp:attachment":[{"href":"https:\/\/www.storycraft.ro\/shop\/wp-json\/wp\/v2\/media?parent=13011"}],"wp:term":[{"taxonomy":"product_brand","embeddable":true,"href":"https:\/\/www.storycraft.ro\/shop\/wp-json\/wp\/v2\/product_brand?post=13011"},{"taxonomy":"product_cat","embeddable":true,"href":"https:\/\/www.storycraft.ro\/shop\/wp-json\/wp\/v2\/product_cat?post=13011"},{"taxonomy":"product_tag","embeddable":true,"href":"https:\/\/www.storycraft.ro\/shop\/wp-json\/wp\/v2\/product_tag?post=13011"}],"curies":[{"name":"wp","href":"https:\/\/api.w.org\/{rel}","templated":true}]}}