{"id":13278,"date":"2023-04-12T10:54:34","date_gmt":"2023-04-12T07:54:34","guid":{"rendered":"https:\/\/www.storycraft.ro\/shop\/?post_type=product&#038;p=13278"},"modified":"2026-04-01T10:49:19","modified_gmt":"2026-04-01T07:49:19","slug":"baietelul-care-nu-a-primit-cadou-atingeri-de-vanilie-compozitie-pentru-lorena-liceul-13","status":"publish","type":"product","link":"https:\/\/www.storycraft.ro\/shop\/baietelul-care-nu-a-primit-cadou-atingeri-de-vanilie-compozitie-pentru-lorena-liceul-13\/","title":{"rendered":"B\u0103ie\u021belul care nu a primit cadou + Atingeri de Vanilie + Compozi\u021bie pentru Lorena + Liceul 13"},"content":{"rendered":"<p><span style=\"color: #000000;\">Pachetul <strong>\u201cB\u0103ie\u021belul care nu a primit cadou + Atingeri de Vanilie + Compozi\u021bie pentru Lorena + Liceul 13\u201d<\/strong> con\u021bine:<\/span><\/p>\n<ol>\n<li><span style=\"color: #000000;\">Cartea \u201cB\u0103ie\u021belul care nu a primit cadou\u201d de Alexandra Bulac<\/span><\/li>\n<li><span style=\"color: #000000;\">Cartea \u201cAtingeri de Vanilie\u201d de Daniela Dumitru<\/span><\/li>\n<li><span style=\"color: #000000;\">Cartea \u201cCompozi\u021bie pentru Lorena\u201d de O\u2019Neil Herego<\/span><\/li>\n<li><span style=\"color: #000000;\">Cartea \u201cLiceul 13\u201d de Radu Octavian<\/span><\/li>\n<\/ol>\n<hr \/>\n<div class=\"woocommerce-product-details__short-description\">\n<div class=\"et_pb_module et_pb_text et_pb_text_22 et_pb_text_align_left et_pb_bg_layout_light\">\n<div class=\"et_pb_text_inner\">\n<div class=\"et_pb_column et_pb_column_1_2 et_pb_column_28 et_pb_css_mix_blend_mode_passthrough\">\n<p><span style=\"color: #000000;\"><strong>\u201cB\u0103ie\u021belul care nu a primit cadou\u201d <\/strong>de Alexandra Bulac<strong><br \/>\n<\/strong><\/span><\/p>\n<ul>\n<li><span style=\"color: #000000;\"><strong>Genul:<\/strong> Fic\u021biune realist\u0103<\/span><\/li>\n<li><span style=\"color: #000000;\"><strong>Editura:<\/strong> StoryCraft Publishing<\/span><\/li>\n<li><span style=\"color: #000000;\"><strong>Cod ISBN:<\/strong> <small>978-606-95651-0-0<\/small><\/span><\/li>\n<li><span style=\"color: #000000;\"><strong>Format:<\/strong> 19,5 * 12,5 cm<\/span><\/li>\n<li><span style=\"color: #000000;\"><strong>Coperta:<\/strong> bro\u0219at\u0103<\/span><\/li>\n<li><span style=\"color: #000000;\"><strong>Nr. pagini la interior:<\/strong> 378<\/span><\/li>\n<\/ul>\n<div class=\"woocommerce-product-details__short-description\">\n<p><span style=\"color: #000000;\">Se spune c\u0103 atunci c\u00e2nd e\u0219ti copil, totul se simte mai puternic. Uneori at\u00e2t de puternic, \u00eenc\u00e2t amintirea poate r\u0103m\u00e2ne al\u0103turi de tine toat\u0103 via\u021ba.<\/span><\/p>\n<p><span style=\"color: #000000;\">Acest lucru s-a \u00eent\u00e2mplat \u0219i cu Rare\u0219 Modoranu, un b\u0103rbat de 57 de ani, care \u00eenc\u0103 mai poart\u0103 asupra lui urmele unui moment dureros din copil\u0103rie.<\/span><\/p>\n<p><span style=\"color: #000000;\">\u00centre obsesia pentru bani, conflictele dese cu so\u021bia \u0219i cuvintele greoaie ale tat\u0103lui s\u0103u, va reu\u0219i Rare\u0219 s\u0103 lase trecutul \u00een urm\u0103 \u0219i s\u0103 descopere, \u00een sf\u00e2r\u0219it, care sunt lucrurile care conteaz\u0103 cu adev\u0103rat \u00een via\u021b\u0103?<\/span><\/p>\n<\/div>\n<\/div>\n<\/div>\n<\/div>\n<\/div>\n<hr \/>\n<p><span style=\"color: #000000;\"><strong>\u201cAtingeri de Vanilie\u201d <\/strong>de Daniela Dumitru<strong><br \/>\n<\/strong><\/span><\/p>\n<ul>\n<li><span style=\"color: #000000;\"><strong>Genul:<\/strong> Romance, Erotic<\/span><\/li>\n<li><span style=\"color: #000000;\"><strong>Editura:<\/strong> StoryCraft Publishing<\/span><\/li>\n<li><span style=\"color: #000000;\"><strong>Cod ISBN:<\/strong> 978-606-95057-5-5<\/span><\/li>\n<li><span style=\"color: #000000;\"><strong>Format:<\/strong> 20 * 13 cm<\/span><\/li>\n<li><span style=\"color: #000000;\"><strong>Coperta:<\/strong> bro\u0219at\u0103<\/span><\/li>\n<li><span style=\"color: #000000;\"><strong>Nr. pagini la interior:<\/strong> 432<\/span><\/li>\n<\/ul>\n<p><span style=\"color: #000000;\">Chinuit\u0103 de un trecut traumatizant \u0219i o rela\u021bie toxic\u0103 cu mama ei, rebela \u0219i ireverentioasa Ela \u0219i-a g\u0103sit lini\u0219tea \u0219i stabilitatea \u00eentr-un job \u201ec\u0103ldu\u021b\u201d de corporatist\u0103. Noul CEO, Max, stric\u0103 totul c\u00e2nd schimb\u0103 regulile \u0219i o aduce s\u0103 lucreze aproape de el.<\/span><\/p>\n<p><span style=\"color: #000000;\">Pornind de la un joc de atrac\u021bie aparent nevinovat, cei doi se trezesc prin\u0219i \u00eentr-o poveste de iubire visceral\u0103, pasional\u0103 \u0219i epuizant\u0103, \u00een care fiecare reprezint\u0103 pentru cel\u0103lalt eliberarea de propriul trecut \u0219i de traume.<\/span><\/p>\n<p><span style=\"color: #000000;\">Sco\u021b\u00e2nd la iveal\u0103 frica de prejudec\u0103\u021bi \u0219i nevoia dureroas\u0103 de a fi iubi\u021bi,\u00a0<em>Atingeri de vanilie<\/em>, spune povestea a doi \u00eendr\u0103gosti\u021bi care nu au dreptul la fericire \u00eempreun\u0103 \u0219i ne las\u0103 cu o \u00eentrebare: \u201eC\u00e2te bariere poate sparge un simplu sentiment?<\/span><\/p>\n<hr \/>\n<p><span style=\"color: #000000;\"><strong>\u201cCompozi\u021bie pentru Lorena\u201d<\/strong> de O\u2019Neil Herego<\/span><\/p>\n<ul>\n<li><span style=\"color: #000000;\"><strong>Genul:<\/strong> Comedie, Romantic<\/span><\/li>\n<li><span style=\"color: #000000;\"><strong>Editura:<\/strong>\u00a0StoryCraft Publishing<\/span><\/li>\n<li><span style=\"color: #000000;\"><strong>Cod ISBN:<\/strong> <small>978-606-95057-7-9<\/small><\/span><\/li>\n<li><span style=\"color: #000000;\"><strong>Format:<\/strong> 19,5 * 12,5 cm<\/span><\/li>\n<li><span style=\"color: #000000;\"><strong>Coperta:<\/strong>\u00a0bro\u0219at\u0103<\/span><\/li>\n<li><span style=\"color: #000000;\"><strong>Nr. pagini la interior:<\/strong>\u00a0 370<\/span><\/li>\n<\/ul>\n<div class=\"woocommerce-product-details__short-description\">\n<div class=\"et_pb_module et_pb_text et_pb_text_22 et_pb_text_align_left et_pb_bg_layout_light\">\n<div class=\"et_pb_text_inner\">\n<div class=\"et_pb_column et_pb_column_1_2 et_pb_column_28 et_pb_css_mix_blend_mode_passthrough\">\n<p><span style=\"color: #000000;\">Lorena \u0219i-a ales singur\u0103 destinul. Cu o facultate terminat\u0103 \u0219i un masterat luat cu nota 10, credea c\u0103 o a\u0219teapt\u0103 o carier\u0103 \u00eenfloritoare. Afl\u0103 \u00eens\u0103 rapid c\u0103, pentru a ob\u021bine un job potrivit, e necesar s\u0103-\u0219i uzeze mai pu\u021bin creierul, \u0219i mai mult genunchii, \u0219i trage concluzia c\u0103 cea mai bun\u0103 strategie profesional\u0103 este s\u0103 ofere oamenilor ce vor. A\u0219a c\u0103 devine prostituat\u0103 pe centur\u0103, sub patronajul \u0219i protec\u021bia comisarului Jean Chirtoac\u0103.<\/span><\/p>\n<p><span style=\"color: #000000;\">Via\u021ba \u0219i rutina ei zilnic\u0103 se schimb\u0103 c\u00e2nd \u00eel \u00eent\u00e2lne\u0219te pe Relu, un t\u00e2n\u0103r student la conservator, la \u201earma\u201d violoncel. Lungan, timid \u0219i ve\u0219nic ciufulit, Relu pare a fi ie\u0219irea ei c\u0103tre o alt\u0103 lume, departe de mizeria centurii. \u00cens\u0103, speriat de posibilitatea de a o pierde pe frumoasa Lorena, comisarul Chirtoac\u0103 se transform\u0103 rapid din protector \u00een satrap. Ceea ce Lorena credea c\u0103 va fi o trecere fireasc\u0103 la urm\u0103toarea etap\u0103 a vie\u021bii ei se dovede\u0219te a fi o lupt\u0103 cr\u00e2ncen\u0103 pentru libertate.<\/span><\/p>\n<\/div>\n<\/div>\n<\/div>\n<\/div>\n<hr \/>\n<p><span style=\"color: #000000;\"><strong>\u201cLiceul 13\u201d <\/strong>de Radu Octavian<\/span><\/p>\n<ul>\n<li><span style=\"color: #000000;\"><strong>Genul:<\/strong> Horror, Paranormal<\/span><\/li>\n<li><span style=\"color: #000000;\"><strong>Editura:<\/strong>\u00a0StoryCraft Publishing<\/span><\/li>\n<li><span style=\"color: #000000;\"><strong>Cod ISBN:<\/strong> 978-606-95057-6-2<\/span><\/li>\n<li><span style=\"color: #000000;\"><strong>Format:<\/strong> 19 * 12 cm<\/span><\/li>\n<li><span style=\"color: #000000;\"><strong>Coperta:<\/strong>\u00a0bro\u0219at\u0103<\/span><\/li>\n<li><span style=\"color: #000000;\"><strong>Nr. pagini la interior:<\/strong> 324<\/span><\/li>\n<\/ul>\n<div class=\"woocommerce-product-details__short-description\"><span style=\"color: #000000;\">\u00centr-o noapte de iarn\u0103, Maria Stanciu, elev\u0103 \u00een clasa a XII-a A a Colegiului Na\u021bional \u201cScarlat Demetrescu\u201d, se sinucide arunc\u00e2ndu-se \u00een fa\u021ba unui tren.\u2028Vlad Dinu, colegul de clasa al Mariei, ajunge \u00een posesia jurnalului fetei \u0219i dezvolt\u0103 o curiozitate puternic\u0103 fa\u021b\u0103 de motivul din spatele gestului ei. \u00cen cur\u00e2nd, \u00eens\u0103, un lan\u021b de mor\u021bi \u00eenfior\u0103toare, aparent accidentale, \u00eei vizeaz\u0103, unul c\u00e2te unul, pe fo\u0219tii ei colegi.\u2028Vlad ajunge s\u0103 fie prins \u00eentr-un joc periculos, \u00een care trebuie s\u0103 afle cine este criminalul, \u00eenainte ca acesta s\u0103 ajung\u0103 la el \u0219i la restul colegilor lui. \u00cens\u0103 \u0219ocul absolut \u00eel are \u00een momentul \u00een care observ\u0103 c\u0103 toate indiciile duc spre\u2026 Maria Stanciu.<\/span><\/div>\n","protected":false},"excerpt":{"rendered":"<div class=\"woocommerce-product-details__short-description\">\n<p>Pachetul <strong>\u201cB\u0103ie\u021belul care nu a primit cadou + Atingeri de Vanilie + Compozi\u021bie pentru Lorena + Liceul 13\u201d<\/strong> con\u021bine:<\/p>\n<ol>\n<li>Cartea \u201cB\u0103ie\u021belul care nu a primit cadou\u201d de Alexandra Bulac<\/li>\n<li>Cartea \u201cAtingeri de Vanilie\u201d de Daniela Dumitru<\/li>\n<li>Cartea \u201cCompozi\u021bie pentru Lorena\u201d de O\u2019Neil Herego<\/li>\n<li>Cartea \u201cLiceul 13\u201d de Radu Octavian<\/li>\n<\/ol>\n<\/div>\n","protected":false},"featured_media":20890,"template":"","meta":{"_acf_changed":false},"product_brand":[],"product_cat":[261],"product_tag":[311],"class_list":{"0":"post-13278","1":"product","2":"type-product","3":"status-publish","4":"has-post-thumbnail","6":"product_cat-pachete","7":"product_tag-pachete","8":"pa_autori-alexandra-bulac","9":"pa_autori-daniela-dumitru","10":"pa_autori-oneil-herego","11":"pa_autori-radu-octavian","13":"first","14":"outofstock","15":"sale","16":"taxable","17":"shipping-taxable","18":"purchasable","19":"product-type-simple"},"acf":[],"aioseo_notices":[],"_links":{"self":[{"href":"https:\/\/www.storycraft.ro\/shop\/wp-json\/wp\/v2\/product\/13278","targetHints":{"allow":["GET"]}}],"collection":[{"href":"https:\/\/www.storycraft.ro\/shop\/wp-json\/wp\/v2\/product"}],"about":[{"href":"https:\/\/www.storycraft.ro\/shop\/wp-json\/wp\/v2\/types\/product"}],"wp:featuredmedia":[{"embeddable":true,"href":"https:\/\/www.storycraft.ro\/shop\/wp-json\/wp\/v2\/media\/20890"}],"wp:attachment":[{"href":"https:\/\/www.storycraft.ro\/shop\/wp-json\/wp\/v2\/media?parent=13278"}],"wp:term":[{"taxonomy":"product_brand","embeddable":true,"href":"https:\/\/www.storycraft.ro\/shop\/wp-json\/wp\/v2\/product_brand?post=13278"},{"taxonomy":"product_cat","embeddable":true,"href":"https:\/\/www.storycraft.ro\/shop\/wp-json\/wp\/v2\/product_cat?post=13278"},{"taxonomy":"product_tag","embeddable":true,"href":"https:\/\/www.storycraft.ro\/shop\/wp-json\/wp\/v2\/product_tag?post=13278"}],"curies":[{"name":"wp","href":"https:\/\/api.w.org\/{rel}","templated":true}]}}