{"id":14220,"date":"2023-05-31T08:54:00","date_gmt":"2023-05-31T05:54:00","guid":{"rendered":"https:\/\/www.storycraft.ro\/shop\/?post_type=product&#038;p=14220"},"modified":"2024-03-29T13:49:39","modified_gmt":"2024-03-29T11:49:39","slug":"doren-batalia-de-la-socola","status":"publish","type":"product","link":"https:\/\/www.storycraft.ro\/shop\/doren-batalia-de-la-socola\/","title":{"rendered":"Doren + Batalia de la Socola"},"content":{"rendered":"<p>Pachetul con\u021bine:<\/p>\n<ul>\n<li>cartea &#8220;Doren, un ho\u021b neobi\u0219nuit&#8221; de C\u0103t\u0103lin Ioni\u021b\u0103<\/li>\n<li>cartea &#8220;B\u0103t\u0103lia de la Socola&#8221; de C\u0103t\u0103lin Ioni\u021b\u0103<\/li>\n<\/ul>\n<hr \/>\n<p>&nbsp;<\/p>\n<p><strong>Cartea \u201cB\u0103t\u0103lia de la Socola\u201d<\/strong><\/p>\n<ul>\n<li>\n<ul>\n<li>\n<div><b>Cod ISBN:<\/b>\u00a0978-606-9505-71-7<\/div>\n<\/li>\n<li>\n<div><b>Genul:<\/b>\u00a0Comedie<\/div>\n<\/li>\n<li>\n<div><b>Editura:<\/b>\u00a0StoryCraft Publishing<\/div>\n<\/li>\n<li>\n<div><b>Coperta:<\/b>\u00a0bro\u0219at\u0103<\/div>\n<\/li>\n<li>\n<div><strong>Format:<\/strong>\u00a020 * 13 cm<\/div>\n<\/li>\n<li>\n<div><strong>Nr. pagini la interior:<\/strong>\u00a0256<\/div>\n<\/li>\n<\/ul>\n<\/li>\n<\/ul>\n<p>&nbsp;<\/p>\n<div class=\"woocommerce-product-details__short-description\">\n<p>Un nebun internat la Spitalul Socola se crede \u0218tefan cel Mare \u0219i crede c\u0103 misiunea lui este s\u0103 recucereasc\u0103 Moldova din m\u00e2inile turcilor, \u00eencep\u00e2nd cu spitalul.<br \/>\nPentru asta va trebui s\u0103 \u00ee\u0219i dezv\u0103luie identitatea \u00een fa\u021ba celorlal\u021bi nebuni \u0219i s\u0103 \u00eei conving\u0103 de faptul c\u0103 ei sunt r\u0103ze\u0219ii lui.<\/p>\n<p>Singura problem\u0103 este c\u0103 celebra lui sabie, cea care \u00eei atest\u0103 identitatea, este ag\u0103\u021bat\u0103 pe peretele din spatele directorului Spineanu. Abia dup\u0103 ce va pune m\u00e2na pe ea, va putea s\u0103 lupte \u00eempotriva inamicilor \u00eembr\u0103ca\u021bi \u00een halate albe.<\/p>\n<\/div>\n<hr \/>\n<p><strong>Cartea \u201cDoren, un ho\u021b neobi\u0219nuit\u201d\u00a0<\/strong><\/p>\n<ul>\n<li><strong>Genul:<\/strong>\u00a0Fantasy, Urban<\/li>\n<li><strong>Editura:<\/strong>\u00a0StoryCraft Publishing<\/li>\n<li><strong>Cod ISBN:<\/strong>\u00a0<small>978-606-95651-2-4<\/small><\/li>\n<li><strong>Format:<\/strong>\u00a012,5 * 19,5 cm<\/li>\n<li><strong>Coperta:<\/strong>\u00a0bro\u0219at\u0103<\/li>\n<li><strong>Nr. pagini la interior:<\/strong>\u00a0336<\/li>\n<\/ul>\n<p>Via\u021ba lui Doren pare rupt\u0103 din pove\u0219ti. Locuie\u0219te \u00eentr-un castel \u00eempreun\u0103 cu tat\u0103l lui \u0219i este lipsit de griji. Este, \u00eens\u0103, lipsit \u0219i de \u00eencrederea tat\u0103lui care \u00eenc\u0103 \u00eel trateaz\u0103 ca pe un copil, de\u0219i are o v\u00e2rst\u0103 respectabil\u0103.<\/p>\n<p>C\u00e2nd afl\u0103 c\u0103 problemele financiare ale p\u0103rintelui s\u0103u \u00eei pot da via\u021ba peste cap, Doren nu ezit\u0103 s\u0103 se arunce \u00een jungla urban\u0103 bucure\u0219tean\u0103 pentru a \u00eencerca s\u0103-i dovedeasc\u0103 acestuia c\u0103 este vrednic de numele pe care-l poart\u0103. \u00cei scap\u0103, \u00eens\u0103, cateva aspecte importante: nu \u0219tie nimic despre via\u021ba de ora\u0219, pentru c\u0103 a tr\u0103it \u00eentr-un castel rupt de civiliza\u021bie, iar planul s\u0103u e imposibil de realizat pe timpul zilei\u2026 pentru c\u0103 e vampir.<\/p>\n<ul>\n<li style=\"list-style-type: none;\"><\/li>\n<\/ul>\n","protected":false},"excerpt":{"rendered":"<p>Pachetul con\u021bine:<\/p>\n<ul>\n<li>cartea &#8220;Doren, un ho\u021b neobi\u0219nuit&#8221; de C\u0103t\u0103lin Ioni\u021b\u0103<\/li>\n<li>cartea &#8220;B\u0103t\u0103lia de la Socola&#8221; de C\u0103t\u0103lin Ioni\u021b\u0103<\/li>\n<\/ul>\n","protected":false},"featured_media":14221,"template":"","meta":{"_acf_changed":false},"product_brand":[],"product_cat":[261],"product_tag":[311],"class_list":{"0":"post-14220","1":"product","2":"type-product","3":"status-publish","4":"has-post-thumbnail","6":"product_cat-pachete","7":"product_tag-pachete","8":"pa_autori-catalin-ionita","10":"first","11":"instock","12":"sale","13":"taxable","14":"shipping-taxable","15":"purchasable","16":"product-type-simple"},"acf":[],"aioseo_notices":[],"_links":{"self":[{"href":"https:\/\/www.storycraft.ro\/shop\/wp-json\/wp\/v2\/product\/14220","targetHints":{"allow":["GET"]}}],"collection":[{"href":"https:\/\/www.storycraft.ro\/shop\/wp-json\/wp\/v2\/product"}],"about":[{"href":"https:\/\/www.storycraft.ro\/shop\/wp-json\/wp\/v2\/types\/product"}],"wp:featuredmedia":[{"embeddable":true,"href":"https:\/\/www.storycraft.ro\/shop\/wp-json\/wp\/v2\/media\/14221"}],"wp:attachment":[{"href":"https:\/\/www.storycraft.ro\/shop\/wp-json\/wp\/v2\/media?parent=14220"}],"wp:term":[{"taxonomy":"product_brand","embeddable":true,"href":"https:\/\/www.storycraft.ro\/shop\/wp-json\/wp\/v2\/product_brand?post=14220"},{"taxonomy":"product_cat","embeddable":true,"href":"https:\/\/www.storycraft.ro\/shop\/wp-json\/wp\/v2\/product_cat?post=14220"},{"taxonomy":"product_tag","embeddable":true,"href":"https:\/\/www.storycraft.ro\/shop\/wp-json\/wp\/v2\/product_tag?post=14220"}],"curies":[{"name":"wp","href":"https:\/\/api.w.org\/{rel}","templated":true}]}}