{"id":14222,"date":"2023-05-31T09:00:48","date_gmt":"2023-05-31T06:00:48","guid":{"rendered":"https:\/\/www.storycraft.ro\/shop\/?post_type=product&#038;p=14222"},"modified":"2026-02-05T15:27:50","modified_gmt":"2026-02-05T13:27:50","slug":"doren-bastardul","status":"publish","type":"product","link":"https:\/\/www.storycraft.ro\/shop\/doren-bastardul\/","title":{"rendered":"Doren + Bastardul"},"content":{"rendered":"<h3><strong>Pachetul contine:<\/strong><\/h3>\n<ol>\n<li>Cartea &#8220;Bastardul&#8221; de Daniel Z\u0103rnescu<\/li>\n<li>Cartea &#8220;Doren, un ho\u021b neobi\u0219nuit&#8221; de C\u0103t\u0103lin Ioni\u021b\u0103<\/li>\n<\/ol>\n<p>_______________________________________________________________________________________________________________________________________________________________________<\/p>\n<h3><strong>Cartea \u201cBastardul\u201d:<\/strong><\/h3>\n<ul>\n<li>\n<div><b>Cod ISBN:<\/b>\u00a0978-606-8655-63-5<\/div>\n<\/li>\n<li>\n<div><b>Categoria:<\/b>\u00a0Beletristic\u0103, Fic\u021biune istoric\u0103<\/div>\n<\/li>\n<li>\n<div><b>Editura:<\/b>\u00a0Stepout Publishing House<\/div>\n<\/li>\n<li>\n<div><b>Colectie:<\/b>\u00a0Ghiozdanul cu c\u0103r\u021bi<\/div>\n<\/li>\n<li>\n<div><b>Coperta:<\/b>\u00a0bro\u0219at\u0103<\/div>\n<\/li>\n<li>\n<div><strong>Format:<\/strong> 20 * 13 cm<\/div>\n<\/li>\n<li>\n<div><strong>Nr. pagini la interior:<\/strong>\u00a0304<\/div>\n<\/li>\n<\/ul>\n<div><em>C\u00e2teodat\u0103, c\u00e2nd te afli \u00een mijlocul b\u0103t\u0103liei, mintea \u00ee\u021bi joac\u0103 feste \u0219i iei decizii necugetate. Deja linia noastr\u0103 era format\u0103 din jum\u0103tate de centurie, ca num\u0103r, iar el \u2013 un singur c\u0103l\u0103re\u021b cu calul lui. \u0218i venea direct c\u0103tre noi. C\u0103tre mine! Am l\u0103sat scutul jos.<\/em><\/div>\n<div><\/div>\n<div><em>\u201cSoldaaaat!\u201d, s-a auzit vocea disperat\u0103 a lui Flavius, din spatele meu. \u201cCe faci? Scutul sus! \u021aine linia!\u201d<\/em><\/div>\n<div><\/div>\n<div><em>Atunci m-a recunoscut, pentru c\u0103 i-am sim\u021bit nervii p\u00e2n\u0103 \u00een spatele urechilor. Dac\u0103 ar fi fost l\u00e2ng\u0103 mine, m-ar fi sf\u00e2\u0219iat cu m\u00e2inile goale.<\/em><\/div>\n<div><\/div>\n<div><em>\u201cTiberiuuuuus! Mi\u0219c\u0103-\u021bi curul \u00eenapoi \u0219i \u021bine linia! E<\/em><\/div>\n<div><em>un ordin!\u201d<\/em><\/div>\n<div><\/div>\n<div>***<\/div>\n<div><\/div>\n<div>Suntem pe teritoriul Celor Trei Dacii, tres Daciae, in anul 270 d.Hr. Imparatul Aurelian, proaspat numit pe tron, decide sa ii urmareasca pe tervingi si pe infamul lor lider, Cannabaudes, dincolo de Dunare.<\/div>\n<div><\/div>\n<div>Scopul este sa ii goneasca o data pentru totdeauna din propriul teritoriu, ca sa se poata concentra pe lucrurile cu adevarat importante.<\/div>\n<div><\/div>\n<div>Imperiul este pe marginea prapastiei. La nord: Britannia, Gallia si Hispania s-au desprins de Roma si au format Imperiul Galic. La est: Siria, Palestina si Egipt au format si ele Imperiul de la Palmira.<\/div>\n<div><\/div>\n<div>Trei imperii, trei imparati. Ce se intampla in Dacia va duce la renasterea Romei sau la disparitia ei.<\/div>\n<div>\n<p>_______________________________________________________________________________________________________________________________________________________________________<\/p>\n<h3><strong>Cartea \u201cDoren, un ho\u021b neobi\u0219nuit\u201d:<\/strong><\/h3>\n<ul>\n<li><strong>Genul:<\/strong>\u00a0Fantasy, Urban<\/li>\n<li><strong>Editura:<\/strong>\u00a0StoryCraft Publishing<\/li>\n<li><strong>Cod ISBN:<\/strong>\u00a0<small>978-606-95651-2-4<\/small><\/li>\n<li><strong>Format:<\/strong>\u00a012,5 * 19,5 cm<\/li>\n<li><strong>Coperta:<\/strong>\u00a0bro\u0219at\u0103<\/li>\n<li><strong>Nr. pagini la interior:<\/strong>\u00a0336<\/li>\n<\/ul>\n<p>Via\u021ba lui Doren pare rupt\u0103 din pove\u0219ti. Locuie\u0219te \u00eentr-un castel \u00eempreun\u0103 cu tat\u0103l lui \u0219i este lipsit de griji. Este, \u00eens\u0103, lipsit \u0219i de \u00eencrederea tat\u0103lui care \u00eenc\u0103 \u00eel trateaz\u0103 ca pe un copil, de\u0219i are o v\u00e2rst\u0103 respectabil\u0103.<\/p>\n<p>C\u00e2nd afl\u0103 c\u0103 problemele financiare ale p\u0103rintelui s\u0103u \u00eei pot da via\u021ba peste cap, Doren nu ezit\u0103 s\u0103 se arunce \u00een jungla urban\u0103 bucure\u0219tean\u0103 pentru a \u00eencerca s\u0103-i dovedeasc\u0103 acestuia c\u0103 este vrednic de numele pe care-l poart\u0103. \u00cei scap\u0103, \u00eens\u0103, cateva aspecte importante: nu \u0219tie nimic despre via\u021ba de ora\u0219, pentru c\u0103 a tr\u0103it \u00eentr-un castel rupt de civiliza\u021bie, iar planul s\u0103u e imposibil de realizat pe timpul zilei\u2026 pentru c\u0103 e vampir.<\/p>\n<\/div>\n","protected":false},"excerpt":{"rendered":"<p>Pachetul \u201cAventur\u0103\u201d contine:<\/p>\n<ol>\n<li>Cartea &#8220;Bastardul&#8221; de Daniel Z\u0103rnescu<\/li>\n<li>Cartea &#8220;Revolta Akienilor&#8221; de Daniel Z\u0103rnescu<\/li>\n<\/ol>\n","protected":false},"featured_media":14223,"template":"","meta":{"_acf_changed":false},"product_brand":[],"product_cat":[261],"product_tag":[311],"class_list":{"0":"post-14222","1":"product","2":"type-product","3":"status-publish","4":"has-post-thumbnail","6":"product_cat-pachete","7":"product_tag-pachete","8":"pa_autori-catalin-ionita","9":"pa_autori-daniel-zarnescu","11":"first","12":"instock","13":"sale","14":"taxable","15":"shipping-taxable","16":"purchasable","17":"product-type-simple"},"acf":[],"aioseo_notices":[],"_links":{"self":[{"href":"https:\/\/www.storycraft.ro\/shop\/wp-json\/wp\/v2\/product\/14222","targetHints":{"allow":["GET"]}}],"collection":[{"href":"https:\/\/www.storycraft.ro\/shop\/wp-json\/wp\/v2\/product"}],"about":[{"href":"https:\/\/www.storycraft.ro\/shop\/wp-json\/wp\/v2\/types\/product"}],"wp:featuredmedia":[{"embeddable":true,"href":"https:\/\/www.storycraft.ro\/shop\/wp-json\/wp\/v2\/media\/14223"}],"wp:attachment":[{"href":"https:\/\/www.storycraft.ro\/shop\/wp-json\/wp\/v2\/media?parent=14222"}],"wp:term":[{"taxonomy":"product_brand","embeddable":true,"href":"https:\/\/www.storycraft.ro\/shop\/wp-json\/wp\/v2\/product_brand?post=14222"},{"taxonomy":"product_cat","embeddable":true,"href":"https:\/\/www.storycraft.ro\/shop\/wp-json\/wp\/v2\/product_cat?post=14222"},{"taxonomy":"product_tag","embeddable":true,"href":"https:\/\/www.storycraft.ro\/shop\/wp-json\/wp\/v2\/product_tag?post=14222"}],"curies":[{"name":"wp","href":"https:\/\/api.w.org\/{rel}","templated":true}]}}