{"id":16701,"date":"2023-09-27T17:18:29","date_gmt":"2023-09-27T14:18:29","guid":{"rendered":"https:\/\/www.storycraft.ro\/shop\/?post_type=product&#038;p=16701"},"modified":"2026-03-30T18:21:00","modified_gmt":"2026-03-30T15:21:00","slug":"jukai-intunericul-deplin","status":"publish","type":"product","link":"https:\/\/www.storycraft.ro\/shop\/jukai-intunericul-deplin\/","title":{"rendered":"Jukai, \u00eentunericul deplin"},"content":{"rendered":"<p><span style=\"color: #000000;\"><strong>Ultimul an din via\u021ba lui Yuki Harada a fost un adev\u0103rat co\u0219mar<\/strong>. P\u0103rin\u021bii ei au divor\u021bat, a trebuit s\u0103 se mute din ora\u0219ul ei natal, iar sora ei mai mare, idolul ei \u0219i singura persoan\u0103 \u00een care avea \u00eencredere, a disp\u0103rut f\u0103r\u0103 urm\u0103. C\u00e2nd un coleg de clas\u0103 \u00eei propune o excursie \u00een Aokigahara, p\u0103durea sinuciga\u0219ilor, Yuki decide s\u0103 mearg\u0103 s\u0103 \u00ee\u0219i caute sora, sper\u00e2nd din tot sufletul c\u0103 o va g\u0103si \u00een via\u021b\u0103. Doar c\u0103, la fel ca Yuki, p\u0103durea are propriile ei secrete.<\/span><\/p>\n","protected":false},"excerpt":{"rendered":"<ul>\n<li><span style=\"color: #000000;\"><strong>Genul:<\/strong> Horror, Paranormal<\/span><\/li>\n<li><span style=\"color: #000000;\"><strong>Editura:<\/strong>\u00a0StoryCraft Publishing<\/span><\/li>\n<li><span style=\"color: #000000;\"><strong>Cod ISBN:<\/strong> 978-606-95651-4-8<\/span><\/li>\n<li><span style=\"color: #000000;\"><strong>Format:<\/strong> 12,5 * 19,5 cm<\/span><\/li>\n<li><span style=\"color: #000000;\"><strong>Coperta:<\/strong>\u00a0bro\u0219at\u0103<\/span><\/li>\n<li><span style=\"color: #000000;\"><strong>Nr. pagini la interior:<\/strong> 420<\/span><\/li>\n<\/ul>\n<p>&nbsp;<\/p>\n","protected":false},"featured_media":16704,"template":"","meta":{"_acf_changed":false},"product_brand":[],"product_cat":[267,288],"product_tag":[312],"class_list":{"0":"post-16701","1":"product","2":"type-product","3":"status-publish","4":"has-post-thumbnail","6":"product_cat-young-adult","7":"product_cat-horror","8":"product_tag-produse-individuale","9":"pa_autori-adriana-agache","11":"first","12":"instock","13":"sale","14":"taxable","15":"shipping-taxable","16":"purchasable","17":"product-type-simple"},"acf":[],"aioseo_notices":[],"_links":{"self":[{"href":"https:\/\/www.storycraft.ro\/shop\/wp-json\/wp\/v2\/product\/16701","targetHints":{"allow":["GET"]}}],"collection":[{"href":"https:\/\/www.storycraft.ro\/shop\/wp-json\/wp\/v2\/product"}],"about":[{"href":"https:\/\/www.storycraft.ro\/shop\/wp-json\/wp\/v2\/types\/product"}],"wp:featuredmedia":[{"embeddable":true,"href":"https:\/\/www.storycraft.ro\/shop\/wp-json\/wp\/v2\/media\/16704"}],"wp:attachment":[{"href":"https:\/\/www.storycraft.ro\/shop\/wp-json\/wp\/v2\/media?parent=16701"}],"wp:term":[{"taxonomy":"product_brand","embeddable":true,"href":"https:\/\/www.storycraft.ro\/shop\/wp-json\/wp\/v2\/product_brand?post=16701"},{"taxonomy":"product_cat","embeddable":true,"href":"https:\/\/www.storycraft.ro\/shop\/wp-json\/wp\/v2\/product_cat?post=16701"},{"taxonomy":"product_tag","embeddable":true,"href":"https:\/\/www.storycraft.ro\/shop\/wp-json\/wp\/v2\/product_tag?post=16701"}],"curies":[{"name":"wp","href":"https:\/\/api.w.org\/{rel}","templated":true}]}}