{"id":18637,"date":"2024-01-03T11:45:37","date_gmt":"2024-01-03T09:45:37","guid":{"rendered":"https:\/\/www.storycraft.ro\/shop\/?post_type=product&#038;p=18637"},"modified":"2026-02-13T16:50:49","modified_gmt":"2026-02-13T14:50:49","slug":"dezvoltare-personala-inutilii","status":"publish","type":"product","link":"https:\/\/www.storycraft.ro\/shop\/dezvoltare-personala-inutilii\/","title":{"rendered":"Dezvoltare personala + Inutilii (cadou)"},"content":{"rendered":"<p><span style=\"color: #000000;\">Pachetul con\u021bine urm\u0103toarele c\u0103r\u021bi :<\/span><\/p>\n<ol>\n<li><span style=\"color: #000000;\">Cartea \u201cDezvoltare Personal\u0103\u201d de Cornelia Voiculescu<\/span><\/li>\n<li><span style=\"color: #000000;\">Cartea \u201cInutilii&#8221; de Cornelia Voiculescu<\/span><\/li>\n<\/ol>\n<hr \/>\n<h3><span style=\"color: #000000;\"><strong>Cartea \u201cDezvoltare personal\u0103\u201d de Cornelia Voiculescu:<\/strong><\/span><\/h3>\n<ul>\n<li><span style=\"color: #000000;\"><strong>Genul:<\/strong>\u00a0Fic\u021biune realist\u0103, psihologic<\/span><\/li>\n<li><span style=\"color: #000000;\"><strong>Editura:<\/strong>\u00a0StoryCraft Publishing<\/span><\/li>\n<li><span style=\"color: #000000;\"><strong>Cod ISBN:<\/strong>\u00a0978-606-95651-9-3<\/span><\/li>\n<li><span style=\"color: #000000;\"><strong>Format:<\/strong>\u00a012,5 * 19,5 cm<\/span><\/li>\n<li><span style=\"color: #000000;\"><strong>Coperta:<\/strong>\u00a0bro\u0219at\u0103<\/span><\/li>\n<li><span style=\"color: #000000;\"><strong>Nr. pagini la interior:<\/strong>\u00a0384<\/span><\/li>\n<\/ul>\n<div class=\"woocommerce-product-details__short-description\">\n<p><span style=\"color: #000000;\">Johann Strauss simte c\u0103 este f\u0103cut pentru mai mult. Este agent imobiliar, cu un venit bunicel, dar nu suficient c\u00e2t s\u0103 asigure o via\u021b\u0103 confortabil\u0103 so\u021biei \u0219i fiicei cu handicap mintal grav. C\u00e2nd \u0219eful s\u0103u \u00eel trimite la un curs de dezvoltare personal\u0103 pentru a-\u0219i \u00eembun\u0103t\u0103\u021bi aptitudinile de v\u00e2nz\u0103tor, este fascinat de personalitatea trainerului Doru Mare\u0219, pe care \u00eel ia ca mentor. \u00cenv\u0103\u021b\u00e2nd tehnici de manipulare \u0219i uit\u00e2nd de orice busol\u0103 moral\u0103, Johann urc\u0103 repede pe scara social\u0103. Numai c\u0103 pre\u021bul pentru ascensiunea sa devine din ce \u00een ce mai mare\u2026<\/span><\/p>\n<\/div>\n<div class=\"woocommerce-product-details__short-description\">\n<hr \/>\n<h3><span style=\"color: #000000;\"><strong>Cartea \u201cInutilii\u201d <\/strong>de Cornelia Voiculescu<\/span><\/h3>\n<ul>\n<li><span style=\"color: #000000;\"><b>Genul:<\/b>\u00a0Distopie<\/span><\/li>\n<li><span style=\"color: #000000;\"><b>Editura:<\/b>\u00a0StoryCraft Publishing<\/span><\/li>\n<li><span style=\"color: #000000;\"><b>Cod ISBN:<\/b>\u00a0978-606-9505-72-4<\/span><\/li>\n<li><span style=\"color: #000000;\"><strong>Format:<\/strong>\u00a020 * 13 cm<\/span><\/li>\n<li><span style=\"color: #000000;\"><b>Coperta:<\/b>\u00a0bro\u0219at\u0103<\/span><\/li>\n<li><span style=\"color: #000000;\"><strong>Nr. pagini la interior:<\/strong>\u00a0320<\/span><\/li>\n<\/ul>\n<div class=\"woocommerce-product-details__short-description\">\n<p><span style=\"color: #000000;\">Inutilii, cartea de debut a Corneliei Voiculescu, este o distopie terifiant\u0103, prin implica\u021biile morale pe care le propune. \u00centr-o societate postapocaliptic\u0103 de dup\u0103 Al III-lea R\u0103zboi Mondial, care a distrus mare parte din planet\u0103, resursele sunt extrem de limitate. Din cauza asta, cei considera\u021bi \u201cinutili\u201d (b\u0103tr\u00e2nii de peste 70 de ani, persoanele cu handicap sau cu boli terminale) sunt sacrifica\u021bi de c\u0103tre adolescen\u021bi, \u00eentr-un \u201cRitual de Primenire\u201d prin care ace\u0219tia \u00ee\u0219i ob\u021bin statutul de adul\u021bi. Bjorn Anderson, care abia a \u00eemplinit 16 ani, se afl\u0103 \u00een fa\u021ba celei mai grele \u00eencerc\u0103ri din via\u021ba lui: va trebui s\u0103 \u00ee\u0219i sacrifice bunicul, fa\u021b\u0103 de care are o leg\u0103tur\u0103 emo\u021bional\u0103 puternic\u0103, sub pretextul acestui ritual.<\/span><\/p>\n<\/div>\n<\/div>\n","protected":false},"excerpt":{"rendered":"<p>Pachetul con\u021bine urm\u0103toarele c\u0103r\u021bi :<\/p>\n<ol>\n<li>Cartea \u201cDezvoltare Personal\u0103\u201d de Cornelia Voiculescu<\/li>\n<li>Cartea \u201cInutilii&#8221; de Cornelia Voiculescu<\/li>\n<\/ol>\n","protected":false},"featured_media":18638,"template":"","meta":{"_acf_changed":false},"product_brand":[],"product_cat":[261],"product_tag":[311],"class_list":{"0":"post-18637","1":"product","2":"type-product","3":"status-publish","4":"has-post-thumbnail","6":"product_cat-pachete","7":"product_tag-pachete","8":"pa_autori-cornelia-voiculescu","10":"first","11":"instock","12":"sale","13":"taxable","14":"shipping-taxable","15":"purchasable","16":"product-type-simple"},"acf":[],"aioseo_notices":[],"_links":{"self":[{"href":"https:\/\/www.storycraft.ro\/shop\/wp-json\/wp\/v2\/product\/18637","targetHints":{"allow":["GET"]}}],"collection":[{"href":"https:\/\/www.storycraft.ro\/shop\/wp-json\/wp\/v2\/product"}],"about":[{"href":"https:\/\/www.storycraft.ro\/shop\/wp-json\/wp\/v2\/types\/product"}],"wp:featuredmedia":[{"embeddable":true,"href":"https:\/\/www.storycraft.ro\/shop\/wp-json\/wp\/v2\/media\/18638"}],"wp:attachment":[{"href":"https:\/\/www.storycraft.ro\/shop\/wp-json\/wp\/v2\/media?parent=18637"}],"wp:term":[{"taxonomy":"product_brand","embeddable":true,"href":"https:\/\/www.storycraft.ro\/shop\/wp-json\/wp\/v2\/product_brand?post=18637"},{"taxonomy":"product_cat","embeddable":true,"href":"https:\/\/www.storycraft.ro\/shop\/wp-json\/wp\/v2\/product_cat?post=18637"},{"taxonomy":"product_tag","embeddable":true,"href":"https:\/\/www.storycraft.ro\/shop\/wp-json\/wp\/v2\/product_tag?post=18637"}],"curies":[{"name":"wp","href":"https:\/\/api.w.org\/{rel}","templated":true}]}}