{"id":19534,"date":"2024-02-21T23:31:00","date_gmt":"2024-02-21T21:31:00","guid":{"rendered":"https:\/\/www.storycraft.ro\/shop\/?post_type=product&#038;p=19534"},"modified":"2026-01-23T11:04:17","modified_gmt":"2026-01-23T09:04:17","slug":"fara-tine-baietelul-care-nu-a-primit-cadou-eu-nu-sunt-supermami-pentru-elise","status":"publish","type":"product","link":"https:\/\/www.storycraft.ro\/shop\/fara-tine-baietelul-care-nu-a-primit-cadou-eu-nu-sunt-supermami-pentru-elise\/","title":{"rendered":"F\u0103r\u0103 Tine + B\u0103ie\u021belul care nu a primit cadou + Eu nu sunt SuperMami + Pentru Elise"},"content":{"rendered":"<p><strong><span style=\"color: #000000\">Pachetul con\u021bine urm\u0103toarele c\u0103r\u021bi:<\/span><\/strong><\/p>\n<ol>\n<li><span style=\"color: #000000\">Cartea \u201cEu nu sunt SuperMami\u201d, de Roxana Popa<\/span><\/li>\n<li><span style=\"color: #000000\">Cartea \u201cPentru Elise\u201d, de Teodora Sm\u00eentanc\u0103-Strugariu<\/span><\/li>\n<li><span style=\"color: #000000\">Cartea \u201cB\u0103ie\u021belul care nu a primit cadou\u201d, de Alexandra Bulac<\/span><\/li>\n<li><span style=\"color: #000000\">Cartea \u201cF\u0103r\u0103 tine\u201d, de Roxana St\u0103nescu<\/span><\/li>\n<\/ol>\n<div class=\"woocommerce-product-details__short-description\">\n<div class=\"woocommerce-product-details__short-description\">\n<p>&nbsp;<\/p>\n<\/div>\n<\/div>\n","protected":false},"excerpt":{"rendered":"<p><span style=\"color: #000000\"><strong>Pachetul con\u021bine urm\u0103toarele c\u0103r\u021bi:<\/strong><\/span><\/p>\n<ol>\n<li><span style=\"color: #000000\">Cartea \u201cEu nu sunt SuperMami\u201d, de Roxana Popa<\/span><\/li>\n<li><span style=\"color: #000000\">Cartea \u201cPentru Elise\u201d, de Teodora Sm\u00eentanc\u0103-Strugariu<\/span><\/li>\n<li><span style=\"color: #000000\">Cartea \u201cB\u0103ie\u021belul care nu a primit cadou\u201d, de Alexandra Bulac<\/span><\/li>\n<li><span style=\"color: #000000\">Cartea \u201cF\u0103r\u0103 tine\u201d, de Roxana St\u0103nescu<\/span><\/li>\n<\/ol>\n","protected":false},"featured_media":22601,"template":"","meta":{"_acf_changed":false},"product_brand":[],"product_cat":[261],"product_tag":[311],"class_list":{"0":"post-19534","1":"product","2":"type-product","3":"status-publish","4":"has-post-thumbnail","6":"product_cat-pachete","7":"product_tag-pachete","8":"pa_autori-alexandra-bulac","9":"pa_autori-roxana-popa","10":"pa_autori-roxana-stanescu","11":"pa_autori-teodora-smintanca-strugariu","13":"first","14":"instock","15":"sale","16":"taxable","17":"shipping-taxable","18":"purchasable","19":"product-type-simple"},"acf":[],"aioseo_notices":[],"_links":{"self":[{"href":"https:\/\/www.storycraft.ro\/shop\/wp-json\/wp\/v2\/product\/19534","targetHints":{"allow":["GET"]}}],"collection":[{"href":"https:\/\/www.storycraft.ro\/shop\/wp-json\/wp\/v2\/product"}],"about":[{"href":"https:\/\/www.storycraft.ro\/shop\/wp-json\/wp\/v2\/types\/product"}],"wp:featuredmedia":[{"embeddable":true,"href":"https:\/\/www.storycraft.ro\/shop\/wp-json\/wp\/v2\/media\/22601"}],"wp:attachment":[{"href":"https:\/\/www.storycraft.ro\/shop\/wp-json\/wp\/v2\/media?parent=19534"}],"wp:term":[{"taxonomy":"product_brand","embeddable":true,"href":"https:\/\/www.storycraft.ro\/shop\/wp-json\/wp\/v2\/product_brand?post=19534"},{"taxonomy":"product_cat","embeddable":true,"href":"https:\/\/www.storycraft.ro\/shop\/wp-json\/wp\/v2\/product_cat?post=19534"},{"taxonomy":"product_tag","embeddable":true,"href":"https:\/\/www.storycraft.ro\/shop\/wp-json\/wp\/v2\/product_tag?post=19534"}],"curies":[{"name":"wp","href":"https:\/\/api.w.org\/{rel}","templated":true}]}}