{"id":19573,"date":"2024-02-24T12:21:27","date_gmt":"2024-02-24T10:21:27","guid":{"rendered":"https:\/\/www.storycraft.ro\/shop\/?post_type=product&#038;p=19573"},"modified":"2026-04-01T10:47:00","modified_gmt":"2026-04-01T07:47:00","slug":"pachetul-storytelling-5","status":"publish","type":"product","link":"https:\/\/www.storycraft.ro\/shop\/pachetul-storytelling-5\/","title":{"rendered":"Pachetul &#8220;Storytelling 5&#8221;"},"content":{"rendered":"<p><span style=\"color: #000000\"><strong>Pachetul con\u021bine urm\u0103toarele c\u0103r\u021bi:<\/strong><\/span><\/p>\n<ol>\n<li><span style=\"color: #000000\">Cartea &#8220;Fata cu v\u0103l albastru&#8221;, de \u0218tefa Chels\u0103u<\/span><\/li>\n<li><span style=\"color: #000000\">Cartea \u201c1924 &#8211; R\u0103zboiul care a \u021binut trei zile\u201d de Andrei \u021aig\u0103na\u0219<\/span><\/li>\n<li><span style=\"color: #000000\">Cartea &#8220;Eu nu sunt SuperMami&#8221;, de Roxana Popa<\/span><\/li>\n<li><span style=\"color: #000000\">Cartea &#8220;Pre\u021bul S\u00e2ngelui&#8221;, de C\u0103t\u0103lin Ioni\u021b\u0103<\/span><\/li>\n<li><span style=\"color: #000000\">Cartea \u201cLiceul 13\u201d de Radu Octavian<\/span><\/li>\n<\/ol>\n<p>&nbsp;<\/p>\n","protected":false},"excerpt":{"rendered":"<p><span style=\"color: #000000\"><strong>Pachetul con\u021bine urm\u0103toarele c\u0103r\u021bi:<\/strong><\/span><\/p>\n<ol>\n<li><span style=\"color: #000000\">Cartea &#8220;Fata cu v\u0103l albastru&#8221;, de \u0218tefa Chels\u0103u<\/span><\/li>\n<li><span style=\"color: #000000\">Cartea \u201c1924 &#8211; R\u0103zboiul care a \u021binut trei zile\u201d de Andrei \u021aig\u0103na\u0219<\/span><\/li>\n<li><span style=\"color: #000000\">Cartea &#8220;Eu nu sunt SuperMami&#8221;, de Roxana Popa<\/span><\/li>\n<li><span style=\"color: #000000\">Cartea &#8220;Pre\u021bul S\u00e2ngelui&#8221;, de C\u0103t\u0103lin Ioni\u021b\u0103<\/span><\/li>\n<li><span style=\"color: #000000\">Cartea \u201cLiceul 13\u201d de Radu Octavian<\/span><\/li>\n<\/ol>\n","protected":false},"featured_media":19574,"template":"","meta":{"_acf_changed":false},"product_brand":[],"product_cat":[261],"product_tag":[311],"class_list":{"0":"post-19573","1":"product","2":"type-product","3":"status-publish","4":"has-post-thumbnail","6":"product_cat-pachete","7":"product_tag-pachete","8":"pa_autori-andrei-tiganas","9":"pa_autori-catalin-ionita","10":"pa_autori-radu-octavian","11":"pa_autori-roxana-popa","12":"pa_autori-stefana-chelsau","14":"first","15":"outofstock","16":"sale","17":"taxable","18":"shipping-taxable","19":"purchasable","20":"product-type-simple"},"acf":[],"aioseo_notices":[],"_links":{"self":[{"href":"https:\/\/www.storycraft.ro\/shop\/wp-json\/wp\/v2\/product\/19573","targetHints":{"allow":["GET"]}}],"collection":[{"href":"https:\/\/www.storycraft.ro\/shop\/wp-json\/wp\/v2\/product"}],"about":[{"href":"https:\/\/www.storycraft.ro\/shop\/wp-json\/wp\/v2\/types\/product"}],"wp:featuredmedia":[{"embeddable":true,"href":"https:\/\/www.storycraft.ro\/shop\/wp-json\/wp\/v2\/media\/19574"}],"wp:attachment":[{"href":"https:\/\/www.storycraft.ro\/shop\/wp-json\/wp\/v2\/media?parent=19573"}],"wp:term":[{"taxonomy":"product_brand","embeddable":true,"href":"https:\/\/www.storycraft.ro\/shop\/wp-json\/wp\/v2\/product_brand?post=19573"},{"taxonomy":"product_cat","embeddable":true,"href":"https:\/\/www.storycraft.ro\/shop\/wp-json\/wp\/v2\/product_cat?post=19573"},{"taxonomy":"product_tag","embeddable":true,"href":"https:\/\/www.storycraft.ro\/shop\/wp-json\/wp\/v2\/product_tag?post=19573"}],"curies":[{"name":"wp","href":"https:\/\/api.w.org\/{rel}","templated":true}]}}