{"id":19748,"date":"2024-03-04T22:36:57","date_gmt":"2024-03-04T20:36:57","guid":{"rendered":"https:\/\/www.storycraft.ro\/shop\/?post_type=product&#038;p=19748"},"modified":"2026-04-08T10:39:22","modified_gmt":"2026-04-08T07:39:22","slug":"pe-urmele-mele","status":"publish","type":"product","link":"https:\/\/www.storycraft.ro\/shop\/pe-urmele-mele\/","title":{"rendered":"Pe urmele mele"},"content":{"rendered":"<p><span style=\"color: #000000;\"><strong>Fuga lui Kerra de trecutul ei violent<\/strong> <strong>o aduce \u00een Preston<\/strong>, un or\u0103\u0219el lini\u0219tit din Marea Britanie, acolo unde sper\u0103 s\u0103-\u0219i g\u0103seasc\u0103 lini\u0219tea printre necunoscu\u021bi.<\/span><br \/>\n<span style=\"color: #000000;\">Atunci c\u00e2nd \u00eel \u00eent\u00e2lne\u0219te pe Kevin, un b\u0103rbat atractiv ce \u00ee\u0219i poart\u0103 propriile lupte cu trecutul, se simte \u00een siguran\u021b\u0103 pentru prima oar\u0103 dup\u0103 mult timp. De\u0219i reticent\u0103 la \u00eenceput, zidurile ei \u00eencep s\u0103 cad\u0103 unul c\u00e2te unul, p\u00e2n\u0103 c\u00e2nd \u00ee\u0219i d\u0103 seama c\u0103 e \u00eendr\u0103gostit\u0103 irevocabil \u0219i \u00eencepe s\u0103 spere la un viitor al\u0103turi de el.<br \/>\n<\/span><br \/>\n<span style=\"color: #000000;\"><strong>Cu toate acestea, rela\u021bia ei al\u0103turi de Kevin vine cu un pre\u021b uria\u0219<\/strong>, pe care nu \u0219tie dac\u0103 poate s\u0103-l pl\u0103teasc\u0103. Un singur moment de relaxare \u0219i trecutul ei cel \u00eentunecat pare c\u0103 o ajunge din urm\u0103.Pentru c\u0103 atunci c\u00e2nd fugi de un b\u0103rbat care vrea s\u0103 te omoare, nu \u00ee\u021bi permi\u021bi s\u0103 la\u0219i garda jos \u0219i s\u0103 te \u00eendr\u0103goste\u0219ti\u00a0de\u00a0altul!<\/span><\/p>\n","protected":false},"excerpt":{"rendered":"<ul>\n<li><span style=\"color: #000000;\"><strong>Genul:<\/strong> Dragoste<\/span><\/li>\n<li><span style=\"color: #000000;\"><strong>Editura:<\/strong>\u00a0StoryCraft Publishing<\/span><\/li>\n<li><span style=\"color: #000000;\"><strong>Cod ISBN:<\/strong>978-606-95757-4-1<\/span><\/li>\n<li><span style=\"color: #000000;\"><strong>Format:<\/strong> 12,5 * 19,5 cm<\/span><\/li>\n<li><span style=\"color: #000000;\"><strong>Coperta:<\/strong>\u00a0bro\u0219at\u0103<\/span><\/li>\n<li><span style=\"color: #000000;\"><strong>Nr. pagini la interior:<\/strong> 336<\/span><\/li>\n<\/ul>\n<p>&nbsp;<\/p>\n","protected":false},"featured_media":27218,"template":"","meta":{"_acf_changed":false},"product_brand":[],"product_cat":[269],"product_tag":[312],"class_list":{"0":"post-19748","1":"product","2":"type-product","3":"status-publish","4":"has-post-thumbnail","6":"product_cat-dragoste","7":"product_tag-produse-individuale","8":"pa_autori-cristina-dobrescu","10":"first","11":"instock","12":"sale","13":"taxable","14":"shipping-taxable","15":"purchasable","16":"product-type-simple"},"acf":[],"aioseo_notices":[],"_links":{"self":[{"href":"https:\/\/www.storycraft.ro\/shop\/wp-json\/wp\/v2\/product\/19748","targetHints":{"allow":["GET"]}}],"collection":[{"href":"https:\/\/www.storycraft.ro\/shop\/wp-json\/wp\/v2\/product"}],"about":[{"href":"https:\/\/www.storycraft.ro\/shop\/wp-json\/wp\/v2\/types\/product"}],"wp:featuredmedia":[{"embeddable":true,"href":"https:\/\/www.storycraft.ro\/shop\/wp-json\/wp\/v2\/media\/27218"}],"wp:attachment":[{"href":"https:\/\/www.storycraft.ro\/shop\/wp-json\/wp\/v2\/media?parent=19748"}],"wp:term":[{"taxonomy":"product_brand","embeddable":true,"href":"https:\/\/www.storycraft.ro\/shop\/wp-json\/wp\/v2\/product_brand?post=19748"},{"taxonomy":"product_cat","embeddable":true,"href":"https:\/\/www.storycraft.ro\/shop\/wp-json\/wp\/v2\/product_cat?post=19748"},{"taxonomy":"product_tag","embeddable":true,"href":"https:\/\/www.storycraft.ro\/shop\/wp-json\/wp\/v2\/product_tag?post=19748"}],"curies":[{"name":"wp","href":"https:\/\/api.w.org\/{rel}","templated":true}]}}