{"id":25535,"date":"2024-11-19T08:16:25","date_gmt":"2024-11-19T06:16:25","guid":{"rendered":"https:\/\/www.storycraft.ro\/shop\/?post_type=product&#038;p=25535"},"modified":"2025-01-24T15:41:59","modified_gmt":"2025-01-24T13:41:59","slug":"nici-urma-de-el-moarte-dubla-fara-tine-lasa-intunericul-sa-te-invaluie","status":"publish","type":"product","link":"https:\/\/www.storycraft.ro\/shop\/nici-urma-de-el-moarte-dubla-fara-tine-lasa-intunericul-sa-te-invaluie\/","title":{"rendered":"Nici urm\u0103 de el + Moarte Dubl\u0103 + F\u0103r\u0103 Tine + Las\u0103 \u00eentunericul s\u0103 te \u00eenv\u0103luie"},"content":{"rendered":"<p><span style=\"color: #000000\"><strong>Pachetul con\u021bine:\u00a0<\/strong><\/span><\/p>\n<ul>\n<li><span style=\"color: #000000\"><strong>Cartea:<\/strong> &#8220;Nici urm\u0103 de el&#8221;, de \u0218tefana Chels\u0103u<\/span><\/li>\n<li><span style=\"color: #000000\"><strong>Cartea:<\/strong> &#8220;Moarte Dubl\u0103&#8221;, de M\u0103d\u0103lina Angelescu<\/span><\/li>\n<li><span style=\"color: #000000\"><strong>Cartea:<\/strong> &#8220;F\u0103r\u0103 tine&#8221;, de Roxana St\u0103nescu<\/span><\/li>\n<li><span style=\"color: #000000\"><strong>Cartea:<\/strong> &#8220;Las\u0103 \u00eentunericul s\u0103 te \u00eenv\u0103luie&#8221;, de Maria Voss<\/span><\/li>\n<\/ul>\n<div class=\"woocommerce-product-details__short-description\">\n<div class=\"et_pb_module et_pb_text et_pb_text_22 et_pb_text_align_left et_pb_bg_layout_light\">\n<div class=\"et_pb_text_inner\">\n<div class=\"et_pb_column et_pb_column_1_2 et_pb_column_28 et_pb_css_mix_blend_mode_passthrough\">\n<div>\n<div>\n<p>&nbsp;<\/p>\n<\/div>\n<\/div>\n<\/div>\n<\/div>\n<\/div>\n<\/div>\n","protected":false},"excerpt":{"rendered":"<p><span style=\"color: #000000\"><strong>Pachetul con\u021bine:\u00a0<\/strong><\/span><\/p>\n<ul>\n<li><span style=\"color: #000000\"><strong>Cartea:<\/strong> &#8220;Nici urm\u0103 de el&#8221;, de \u0218tefana Chels\u0103u<\/span><\/li>\n<li><span style=\"color: #000000\"><strong>Cartea:<\/strong> &#8220;Moarte Dubl\u0103&#8221;, de M\u0103d\u0103lina Angelescu<\/span><\/li>\n<li><span style=\"color: #000000\"><strong>Cartea:<\/strong> &#8220;F\u0103r\u0103 tine&#8221;, de Roxana St\u0103nescu<\/span><\/li>\n<li><span style=\"color: #000000\"><strong>Cartea:<\/strong> &#8220;Las\u0103 \u00eentunericul s\u0103 te \u00eenv\u0103luie&#8221;, de Maria Voss<\/span><\/li>\n<\/ul>\n","protected":false},"featured_media":25531,"template":"","meta":{"_acf_changed":false},"product_brand":[],"product_cat":[261],"product_tag":[311],"class_list":{"0":"post-25535","1":"product","2":"type-product","3":"status-publish","4":"has-post-thumbnail","6":"product_cat-pachete","7":"product_tag-pachete","8":"pa_autori-madalina-angelescu","9":"pa_autori-maria-voss","10":"pa_autori-roxana-stanescu","11":"pa_autori-stefana-chelsau","13":"first","14":"instock","15":"sale","16":"taxable","17":"shipping-taxable","18":"purchasable","19":"product-type-simple"},"acf":[],"aioseo_notices":[],"_links":{"self":[{"href":"https:\/\/www.storycraft.ro\/shop\/wp-json\/wp\/v2\/product\/25535","targetHints":{"allow":["GET"]}}],"collection":[{"href":"https:\/\/www.storycraft.ro\/shop\/wp-json\/wp\/v2\/product"}],"about":[{"href":"https:\/\/www.storycraft.ro\/shop\/wp-json\/wp\/v2\/types\/product"}],"wp:featuredmedia":[{"embeddable":true,"href":"https:\/\/www.storycraft.ro\/shop\/wp-json\/wp\/v2\/media\/25531"}],"wp:attachment":[{"href":"https:\/\/www.storycraft.ro\/shop\/wp-json\/wp\/v2\/media?parent=25535"}],"wp:term":[{"taxonomy":"product_brand","embeddable":true,"href":"https:\/\/www.storycraft.ro\/shop\/wp-json\/wp\/v2\/product_brand?post=25535"},{"taxonomy":"product_cat","embeddable":true,"href":"https:\/\/www.storycraft.ro\/shop\/wp-json\/wp\/v2\/product_cat?post=25535"},{"taxonomy":"product_tag","embeddable":true,"href":"https:\/\/www.storycraft.ro\/shop\/wp-json\/wp\/v2\/product_tag?post=25535"}],"curies":[{"name":"wp","href":"https:\/\/api.w.org\/{rel}","templated":true}]}}