{"id":25818,"date":"2024-12-09T19:17:09","date_gmt":"2024-12-09T17:17:09","guid":{"rendered":"https:\/\/www.storycraft.ro\/shop\/?post_type=product&#038;p=25818"},"modified":"2025-06-04T08:12:20","modified_gmt":"2025-06-04T05:12:20","slug":"nebunul-care-l-a-atacat-pe-rege","status":"publish","type":"product","link":"https:\/\/www.storycraft.ro\/shop\/nebunul-care-l-a-atacat-pe-rege\/","title":{"rendered":"Nebunul care l-a atacat pe rege"},"content":{"rendered":"<p><span style=\"color: #000000;\"><strong>Alexandru Candiano Popescu este un cunoscut jurnalist \u0219i \u201eom de bine\u201d din Ploie\u0219ti<\/strong>, membru al Partidului Na\u021bional Liberal. Poporul \u00eel \u0219tie de mare patriot \u0219i \u00eel respect\u0103 ca atare. El a fost om de baz\u0103 la alungarea lui Cuza \u0219i la alte evenimente na\u021bionale importante, \u00eens\u0103 nici situa\u021bia de acum nu i se pare deloc favorabil\u0103 iubitei sale \u021b\u0103ri. <\/span><\/p>\n<p><span style=\"color: #000000;\">Dac\u0103 e s\u0103-l \u00eentrebi pe Candiano, domnitorul \u021b\u0103rii, Carol I de Hohenzollern, nu are ce c\u0103uta la conducere, a\u0219a c\u0103 scrie de r\u0103u despre el \u0219i familia lui \u00een ziarul Democra\u021bia, ori de c\u00e2te ori are ocazia. <\/span><\/p>\n<p><span style=\"color: #000000;\"><strong>Via\u021ba lui se schimb\u0103 c\u00e2nd liderii partidului Liberal, Br\u0103tianu \u0219i Rosetti<\/strong>, \u00eei propun s\u0103 creeze o revolu\u021bie prin care s\u0103-l dea jos pe vod\u0103 \u0219i s\u0103 aduc\u0103 \u00een \u021bar\u0103 democra\u021bia adev\u0103rat\u0103. C\u00e2nd ploie\u0219tenii pare c\u0103-l sus\u021bin \u00een aceast\u0103 nebunie, o asemenea oportunitate pare greu de refuzat. \u00cens\u0103 ce fel de riscuri aduce cu ea?<\/span><\/p>\n","protected":false},"excerpt":{"rendered":"<p>Nebunul care l-a atacat pe rege: <span style=\"color: #000000;\"><strong>Alexandru Candiano Popescu este un cunoscut jurnalist \u0219i \u201eom de bine\u201d din Ploie\u0219ti<\/strong>, membru al Partidului Na\u021bional Liberal. <\/span><\/p>\n","protected":false},"featured_media":30335,"template":"","meta":{"_acf_changed":false},"product_brand":[],"product_cat":[263],"product_tag":[312],"class_list":{"0":"post-25818","1":"product","2":"type-product","3":"status-publish","4":"has-post-thumbnail","6":"product_cat-fictiune-istorica","7":"product_tag-produse-individuale","8":"pa_autori-andrei-tiganas","10":"first","11":"instock","12":"sale","13":"taxable","14":"shipping-taxable","15":"purchasable","16":"product-type-simple"},"acf":[],"aioseo_notices":[],"_links":{"self":[{"href":"https:\/\/www.storycraft.ro\/shop\/wp-json\/wp\/v2\/product\/25818","targetHints":{"allow":["GET"]}}],"collection":[{"href":"https:\/\/www.storycraft.ro\/shop\/wp-json\/wp\/v2\/product"}],"about":[{"href":"https:\/\/www.storycraft.ro\/shop\/wp-json\/wp\/v2\/types\/product"}],"wp:featuredmedia":[{"embeddable":true,"href":"https:\/\/www.storycraft.ro\/shop\/wp-json\/wp\/v2\/media\/30335"}],"wp:attachment":[{"href":"https:\/\/www.storycraft.ro\/shop\/wp-json\/wp\/v2\/media?parent=25818"}],"wp:term":[{"taxonomy":"product_brand","embeddable":true,"href":"https:\/\/www.storycraft.ro\/shop\/wp-json\/wp\/v2\/product_brand?post=25818"},{"taxonomy":"product_cat","embeddable":true,"href":"https:\/\/www.storycraft.ro\/shop\/wp-json\/wp\/v2\/product_cat?post=25818"},{"taxonomy":"product_tag","embeddable":true,"href":"https:\/\/www.storycraft.ro\/shop\/wp-json\/wp\/v2\/product_tag?post=25818"}],"curies":[{"name":"wp","href":"https:\/\/api.w.org\/{rel}","templated":true}]}}