{"id":30910,"date":"2025-06-30T17:54:11","date_gmt":"2025-06-30T14:54:11","guid":{"rendered":"https:\/\/www.storycraft.ro\/shop\/?post_type=product&#038;p=30910"},"modified":"2026-02-05T15:24:57","modified_gmt":"2026-02-05T13:24:57","slug":"paradoxul-cuantic-al-coletelor-neridicate-de-la-posta-batalia-de-la-socola-doren","status":"publish","type":"product","link":"https:\/\/www.storycraft.ro\/shop\/paradoxul-cuantic-al-coletelor-neridicate-de-la-posta-batalia-de-la-socola-doren\/","title":{"rendered":"Paradoxul cuantic al coletelor neridicate de la po\u0219t\u0103 + B\u0103t\u0103lia de la Socola + Doren"},"content":{"rendered":"<p><span style=\"color: #000000;\"><strong>Pachetul con\u021bine:\u00a0<\/strong><\/span><\/p>\n<ol>\n<li><span style=\"color: #000000;\"><strong>Cartea:<\/strong> \u201cParadoxul cuantic al coletelor neridicate de la po\u0219t\u0103\u201d de Delia Botea<\/span><\/li>\n<li><span style=\"color: #000000;\"><strong>Cartea:<\/strong> \u201cB\u0103t\u0103lia de la Socola\u201d de C\u0103t\u0103lin Ioni\u021b\u0103<\/span><\/li>\n<li><span style=\"color: #000000;\"><strong>Cartea:<\/strong> \u201cDoren, un ho\u021b neobi\u0219nuit\u201d de C\u0103t\u0103lin Ioni\u021b\u0103<\/span><\/li>\n<\/ol>\n<p>&nbsp;<\/p>\n","protected":false},"excerpt":{"rendered":"<p><span style=\"color: #000000;\"><strong>Pachetul con\u021bine:\u00a0<\/strong><\/span><\/p>\n<ol>\n<li><span style=\"color: #000000;\"><strong>Cartea:<\/strong> \u201cParadoxul cuantic al coletelor neridicate de la po\u0219t\u0103\u201d de Delia Botea<\/span><\/li>\n<li><span style=\"color: #000000;\"><strong>Cartea:<\/strong> \u201cB\u0103t\u0103lia de la Socola\u201d de C\u0103t\u0103lin Ioni\u021b\u0103<\/span><\/li>\n<li><span style=\"color: #000000;\"><strong>Cartea:<\/strong> \u201cDoren, un ho\u021b neobi\u0219nuit\u201d de C\u0103t\u0103lin Ioni\u021b\u0103<\/span><\/li>\n<\/ol>\n<p>&nbsp;<\/p>\n","protected":false},"featured_media":30924,"template":"","meta":{"_acf_changed":false},"product_brand":[],"product_cat":[261],"product_tag":[311],"class_list":{"0":"post-30910","1":"product","2":"type-product","3":"status-publish","4":"has-post-thumbnail","6":"product_cat-pachete","7":"product_tag-pachete","8":"pa_autori-catalin-ionita","9":"pa_autori-delia-botea","11":"first","12":"instock","13":"sale","14":"taxable","15":"shipping-taxable","16":"purchasable","17":"product-type-simple"},"acf":[],"aioseo_notices":[],"_links":{"self":[{"href":"https:\/\/www.storycraft.ro\/shop\/wp-json\/wp\/v2\/product\/30910","targetHints":{"allow":["GET"]}}],"collection":[{"href":"https:\/\/www.storycraft.ro\/shop\/wp-json\/wp\/v2\/product"}],"about":[{"href":"https:\/\/www.storycraft.ro\/shop\/wp-json\/wp\/v2\/types\/product"}],"wp:featuredmedia":[{"embeddable":true,"href":"https:\/\/www.storycraft.ro\/shop\/wp-json\/wp\/v2\/media\/30924"}],"wp:attachment":[{"href":"https:\/\/www.storycraft.ro\/shop\/wp-json\/wp\/v2\/media?parent=30910"}],"wp:term":[{"taxonomy":"product_brand","embeddable":true,"href":"https:\/\/www.storycraft.ro\/shop\/wp-json\/wp\/v2\/product_brand?post=30910"},{"taxonomy":"product_cat","embeddable":true,"href":"https:\/\/www.storycraft.ro\/shop\/wp-json\/wp\/v2\/product_cat?post=30910"},{"taxonomy":"product_tag","embeddable":true,"href":"https:\/\/www.storycraft.ro\/shop\/wp-json\/wp\/v2\/product_tag?post=30910"}],"curies":[{"name":"wp","href":"https:\/\/api.w.org\/{rel}","templated":true}]}}