{"id":32697,"date":"2025-09-11T14:05:57","date_gmt":"2025-09-11T11:05:57","guid":{"rendered":"https:\/\/www.storycraft.ro\/shop\/?post_type=product&#038;p=32697"},"modified":"2025-12-12T14:22:16","modified_gmt":"2025-12-12T12:22:16","slug":"cele-sapte-frici-ale-umanitatii","status":"publish","type":"product","link":"https:\/\/www.storycraft.ro\/shop\/cele-sapte-frici-ale-umanitatii\/","title":{"rendered":"Cele \u0219apte frici ale umanit\u0103\u021bii"},"content":{"rendered":"<div class=\"et_pb_module et_pb_text et_pb_text_22 et_pb_text_align_left et_pb_bg_layout_light\">\n<div class=\"et_pb_text_inner\">\n<p><strong>Planeta p\u0103m\u00e2nt este un experiment extraterestru<\/strong> pe cale de autodistrugere. Dac\u0103 vrea s\u0103 salveze omenirea, Mira, o adolescent\u0103 de optsprezece ani, trebuie s\u0103-\u0219i \u00eenfrunte cele mai mari temeri. \u00cens\u0103, cu un trecut tumultuos \u0219i plin de durere \u00een spate, nu ar fi oare mai u\u0219or s\u0103 renun\u021be la tot \u0219i omenirea s\u0103 dispar\u0103, pur \u0219i simplu?<\/p>\n<p><strong>Un roman profund vindec\u0103tor care \u00ee\u021bi atinge coardele sensibile<\/strong>, \u00ee\u021bi ridic\u0103 \u00eentreb\u0103ri despre tine \u0219i te provoac\u0103 s\u0103 cre\u0219ti.<\/p>\n<\/div>\n<\/div>\n","protected":false},"excerpt":{"rendered":"<p><strong>Cele \u0219apte frici ale umanit\u0103\u021bii, un roman profund vindec\u0103tor.<\/strong><\/p>\n","protected":false},"featured_media":32753,"template":"","meta":{"_acf_changed":false},"product_brand":[],"product_cat":[266],"product_tag":[312],"class_list":{"0":"post-32697","1":"product","2":"type-product","3":"status-publish","4":"has-post-thumbnail","6":"product_cat-fantasy","7":"product_tag-produse-individuale","8":"pa_autori-carina-badea","10":"first","11":"instock","12":"sale","13":"taxable","14":"shipping-taxable","15":"purchasable","16":"product-type-simple"},"acf":[],"aioseo_notices":[],"_links":{"self":[{"href":"https:\/\/www.storycraft.ro\/shop\/wp-json\/wp\/v2\/product\/32697","targetHints":{"allow":["GET"]}}],"collection":[{"href":"https:\/\/www.storycraft.ro\/shop\/wp-json\/wp\/v2\/product"}],"about":[{"href":"https:\/\/www.storycraft.ro\/shop\/wp-json\/wp\/v2\/types\/product"}],"wp:featuredmedia":[{"embeddable":true,"href":"https:\/\/www.storycraft.ro\/shop\/wp-json\/wp\/v2\/media\/32753"}],"wp:attachment":[{"href":"https:\/\/www.storycraft.ro\/shop\/wp-json\/wp\/v2\/media?parent=32697"}],"wp:term":[{"taxonomy":"product_brand","embeddable":true,"href":"https:\/\/www.storycraft.ro\/shop\/wp-json\/wp\/v2\/product_brand?post=32697"},{"taxonomy":"product_cat","embeddable":true,"href":"https:\/\/www.storycraft.ro\/shop\/wp-json\/wp\/v2\/product_cat?post=32697"},{"taxonomy":"product_tag","embeddable":true,"href":"https:\/\/www.storycraft.ro\/shop\/wp-json\/wp\/v2\/product_tag?post=32697"}],"curies":[{"name":"wp","href":"https:\/\/api.w.org\/{rel}","templated":true}]}}