{"id":37128,"date":"2026-04-25T22:04:06","date_gmt":"2026-04-25T19:04:06","guid":{"rendered":"https:\/\/www.storycraft.ro\/shop\/?post_type=product&#038;p=37128"},"modified":"2026-04-25T22:06:47","modified_gmt":"2026-04-25T19:06:47","slug":"pachet-bookstarter-o-sa-ti-schimb-parerea-despre-cancer","status":"publish","type":"product","link":"https:\/\/www.storycraft.ro\/shop\/pachet-bookstarter-o-sa-ti-schimb-parerea-despre-cancer\/","title":{"rendered":"(Pachet Bookstarter) O s\u0103-\u021bi schimb p\u0103rerea despre cancer"},"content":{"rendered":"<p><strong>Delia e vegan\u0103, face sport, voluntariat \u0219i jobul ei este s\u0103 salveze animale. Dup\u0103 toate standardele, este un om bun.<\/strong>\u00a0\u0218i atunci, cum se poate ca tocmai ea s\u0103 primeasc\u0103 un diagnostic at\u00e2t de dur: cancer mamar triplu negativ?<\/p>\n<p>\u00cen efortul ei de a men\u021bine o brum\u0103 de control \u00een aceast\u0103 situa\u021bie, \u00eencearc\u0103 totul: post cu ap\u0103, remedii naturiste \u0219i suplimente de toate felurile.<\/p>\n<p>\u00cens\u0103 \u00ee\u0219i d\u0103 seama cur\u00e2nd c\u0103, totu\u0219i, cancerul care a crescut din ea nu are cum s\u0103 treac\u0103 f\u0103r\u0103 dou\u0103 lucruri egal de grele: chimioterapie \u0219i renun\u021barea la exact ceea ce credea c\u0103 \u00eei define\u0219te personalitatea.<\/p>\n","protected":false},"excerpt":{"rendered":"<div class=\"et_pb_module et_pb_text et_pb_text_22 et_pb_text_align_left et_pb_bg_layout_light\">\n<div class=\"et_pb_text_inner\">\n<p>Pachetul con\u021bine:<\/p>\n<\/div>\n<\/div>\n<div class=\"et_pb_module et_pb_blurb et_pb_blurb_25 et_pb_text_align_left et_pb_blurb_position_left et_pb_bg_layout_light\">\n<div class=\"et_pb_blurb_content\">\n<div class=\"et_pb_blurb_container\">\n<div class=\"et_pb_blurb_description\">\n<ul>\n<li><strong>Dou\u0103 c\u0103r\u021bi cu autograf;<\/strong><\/li>\n<li><strong>Transport Gratuit<\/strong> <span style=\"color: #800000;\">(aten\u021bie, c\u0103r\u021bile vor pleca de la noi \u00een momentul \u00een care vor ie\u0219i din tipar)<\/span><\/li>\n<li><strong>Recuno\u0219tin\u021b\u0103 etern\u0103<\/strong>\u00a0pentru contribu\u021bia la mo\u0219tenirea cultural\u0103 din spa\u021biul carpato-danubiano-pontic\u00a0<span class=\"emoji\">\ud83d\ude0e<\/span><\/li>\n<\/ul>\n<\/div>\n<\/div>\n<\/div>\n<\/div>\n","protected":false},"featured_media":37129,"template":"","meta":{"_acf_changed":false},"product_brand":[],"product_cat":[261],"product_tag":[287,312],"class_list":{"0":"post-37128","1":"product","2":"type-product","3":"status-publish","4":"has-post-thumbnail","6":"product_cat-pachete","7":"product_tag-bookstarter","8":"product_tag-produse-individuale","9":"pa_autori-delia-botea","11":"first","12":"instock","13":"taxable","14":"shipping-taxable","15":"purchasable","16":"product-type-simple"},"acf":[],"aioseo_notices":[],"_links":{"self":[{"href":"https:\/\/www.storycraft.ro\/shop\/wp-json\/wp\/v2\/product\/37128","targetHints":{"allow":["GET"]}}],"collection":[{"href":"https:\/\/www.storycraft.ro\/shop\/wp-json\/wp\/v2\/product"}],"about":[{"href":"https:\/\/www.storycraft.ro\/shop\/wp-json\/wp\/v2\/types\/product"}],"wp:featuredmedia":[{"embeddable":true,"href":"https:\/\/www.storycraft.ro\/shop\/wp-json\/wp\/v2\/media\/37129"}],"wp:attachment":[{"href":"https:\/\/www.storycraft.ro\/shop\/wp-json\/wp\/v2\/media?parent=37128"}],"wp:term":[{"taxonomy":"product_brand","embeddable":true,"href":"https:\/\/www.storycraft.ro\/shop\/wp-json\/wp\/v2\/product_brand?post=37128"},{"taxonomy":"product_cat","embeddable":true,"href":"https:\/\/www.storycraft.ro\/shop\/wp-json\/wp\/v2\/product_cat?post=37128"},{"taxonomy":"product_tag","embeddable":true,"href":"https:\/\/www.storycraft.ro\/shop\/wp-json\/wp\/v2\/product_tag?post=37128"}],"curies":[{"name":"wp","href":"https:\/\/api.w.org\/{rel}","templated":true}]}}