{"id":9031,"date":"2020-09-19T20:31:49","date_gmt":"2020-09-19T17:31:49","guid":{"rendered":"https:\/\/www.storycraft.ro\/shop\/?post_type=product&#038;p=9031"},"modified":"2026-04-08T10:39:14","modified_gmt":"2026-04-08T07:39:14","slug":"batalia-de-la-socola","status":"publish","type":"product","link":"https:\/\/www.storycraft.ro\/shop\/batalia-de-la-socola\/","title":{"rendered":"B\u0103t\u0103lia de la Socola"},"content":{"rendered":"<p><span style=\"color: #000000;\"><strong>Un nebun internat la Spitalul Socola se crede \u0218tefan cel Mare<\/strong> \u0219i crede c\u0103 misiunea lui este s\u0103 recucereasc\u0103 Moldova din m\u00e2inile turcilor, \u00eencep\u00e2nd cu spitalul. Pentru asta va trebui s\u0103 \u00ee\u0219i dezv\u0103luie identitatea \u00een fa\u021ba celorlal\u021bi nebuni \u0219i s\u0103 \u00eei conving\u0103 de faptul c\u0103 ei sunt r\u0103ze\u0219ii lui.<\/span><\/p>\n<p><span style=\"color: #000000;\"><strong>Singura problem\u0103 este c\u0103 celebra lui sabie<\/strong>, cea care \u00eei atest\u0103 identitatea, este ag\u0103\u021bat\u0103 pe peretele din spatele directorului Spineanu. Abia dup\u0103 ce va pune m\u00e2na pe ea, va putea s\u0103 lupte \u00eempotriva inamicilor \u00eembr\u0103ca\u021bi \u00een halate albe.<\/span><\/p>\n","protected":false},"excerpt":{"rendered":"<p><span style=\"color: #000000;\"><strong>Un nebun internat la Spitalul Socola se crede \u0218tefan cel Mare<\/strong> \u0219i crede c\u0103 misiunea lui este s\u0103 recucereasc\u0103 Moldova din m\u00e2inile turcilor, \u00eencep\u00e2nd cu spitalul.<\/span><\/p>\n","protected":false},"featured_media":27230,"template":"","meta":{"_acf_changed":false},"product_brand":[],"product_cat":[276],"product_tag":[312],"class_list":{"0":"post-9031","1":"product","2":"type-product","3":"status-publish","4":"has-post-thumbnail","6":"product_cat-comedie","7":"product_tag-produse-individuale","8":"pa_autori-catalin-ionita","10":"first","11":"instock","12":"sale","13":"taxable","14":"shipping-taxable","15":"purchasable","16":"product-type-simple"},"acf":[],"aioseo_notices":[],"_links":{"self":[{"href":"https:\/\/www.storycraft.ro\/shop\/wp-json\/wp\/v2\/product\/9031","targetHints":{"allow":["GET"]}}],"collection":[{"href":"https:\/\/www.storycraft.ro\/shop\/wp-json\/wp\/v2\/product"}],"about":[{"href":"https:\/\/www.storycraft.ro\/shop\/wp-json\/wp\/v2\/types\/product"}],"wp:featuredmedia":[{"embeddable":true,"href":"https:\/\/www.storycraft.ro\/shop\/wp-json\/wp\/v2\/media\/27230"}],"wp:attachment":[{"href":"https:\/\/www.storycraft.ro\/shop\/wp-json\/wp\/v2\/media?parent=9031"}],"wp:term":[{"taxonomy":"product_brand","embeddable":true,"href":"https:\/\/www.storycraft.ro\/shop\/wp-json\/wp\/v2\/product_brand?post=9031"},{"taxonomy":"product_cat","embeddable":true,"href":"https:\/\/www.storycraft.ro\/shop\/wp-json\/wp\/v2\/product_cat?post=9031"},{"taxonomy":"product_tag","embeddable":true,"href":"https:\/\/www.storycraft.ro\/shop\/wp-json\/wp\/v2\/product_tag?post=9031"}],"curies":[{"name":"wp","href":"https:\/\/api.w.org\/{rel}","templated":true}]}}